CRAN Package Check Results for Package hhi

Last updated on 2021-07-01 01:49:14 CEST.

Flavor Version Tinstall Tcheck Ttotal Status Flags
r-devel-linux-x86_64-debian-clang 1.2.0 1.80 24.12 25.92 NOTE
r-devel-linux-x86_64-debian-gcc 1.2.0 1.55 18.80 20.35 NOTE
r-devel-linux-x86_64-fedora-clang 1.2.0 40.45 NOTE
r-devel-linux-x86_64-fedora-gcc 1.2.0 29.17 NOTE
r-devel-windows-x86_64 1.2.0 3.00 38.00 41.00 NOTE
r-devel-windows-x86_64-gcc10-UCRT 1.2.0 NOTE
r-patched-linux-x86_64 1.2.0 1.98 22.41 24.39 NOTE
r-patched-solaris-x86 1.2.0 45.70 NOTE
r-release-linux-x86_64 1.2.0 1.88 22.63 24.51 NOTE
r-release-macos-arm64 1.2.0 NOTE
r-release-macos-x86_64 1.2.0 NOTE
r-release-windows-ix86+x86_64 1.2.0 29.00 36.00 65.00 NOTE
r-oldrel-macos-x86_64 1.2.0 OK
r-oldrel-windows-ix86+x86_64 1.2.0 5.00 31.00 36.00 OK

Check Details

Version: 1.2.0
Check: LazyData
Result: NOTE
     'LazyData' is specified without a 'data' directory
Flavors: r-devel-linux-x86_64-debian-clang, r-devel-linux-x86_64-debian-gcc, r-devel-linux-x86_64-fedora-clang, r-devel-linux-x86_64-fedora-gcc, r-devel-windows-x86_64, r-devel-windows-x86_64-gcc10-UCRT, r-patched-linux-x86_64, r-patched-solaris-x86, r-release-linux-x86_64, r-release-macos-arm64, r-release-macos-x86_64, r-release-windows-ix86+x86_64