CRAN Package Check Results for Package highfrequency

Last updated on 2021-07-01 01:49:14 CEST.

Flavor Version Tinstall Tcheck Ttotal Status Flags
r-devel-linux-x86_64-debian-clang 0.9.0 129.76 269.77 399.53 OK
r-devel-linux-x86_64-debian-gcc 0.9.0 85.84 198.86 284.70 OK
r-devel-linux-x86_64-fedora-clang 0.9.0 468.69 NOTE
r-devel-linux-x86_64-fedora-gcc 0.9.0 419.67 NOTE
r-devel-windows-x86_64 0.9.0 121.00 316.00 437.00 OK
r-devel-windows-x86_64-gcc10-UCRT 0.9.0 NOTE
r-patched-linux-x86_64 0.9.0 104.56 227.87 332.43 OK
r-patched-solaris-x86 0.9.0 416.00 NOTE
r-release-linux-x86_64 0.9.0 97.76 227.53 325.29 OK
r-release-macos-arm64 0.9.0 NOTE
r-release-macos-x86_64 0.9.0 NOTE
r-release-windows-ix86+x86_64 0.9.0 266.00 476.00 742.00 NOTE
r-oldrel-macos-x86_64 0.9.0 NOTE
r-oldrel-windows-ix86+x86_64 0.9.0 282.00 420.00 702.00 NOTE

Check Details

Version: 0.9.0
Check: installed package size
Result: NOTE
     installed size is 6.6Mb
     sub-directories of 1Mb or more:
     data 2.0Mb
     libs 3.6Mb
Flavors: r-devel-linux-x86_64-fedora-clang, r-release-macos-arm64, r-release-macos-x86_64, r-release-windows-ix86+x86_64, r-oldrel-macos-x86_64, r-oldrel-windows-ix86+x86_64

Version: 0.9.0
Check: dependencies in R code
Result: NOTE
    Namespaces in Imports field not imported from:
     ‘cubature’ ‘mvtnorm’
     All declared Imports should be used.
Flavors: r-devel-linux-x86_64-fedora-clang, r-devel-linux-x86_64-fedora-gcc, r-devel-windows-x86_64-gcc10-UCRT, r-patched-solaris-x86, r-release-macos-arm64, r-release-macos-x86_64, r-oldrel-macos-x86_64