CRAN Package Check Results for Package hit

Last updated on 2021-07-01 01:49:14 CEST.

Flavor Version Tinstall Tcheck Ttotal Status Flags
r-devel-linux-x86_64-debian-clang 0.4.0 27.45 95.85 123.30 OK
r-devel-linux-x86_64-debian-gcc 0.4.0 20.01 70.47 90.48 OK
r-devel-linux-x86_64-fedora-clang 0.4.0 164.59 NOTE
r-devel-linux-x86_64-fedora-gcc 0.4.0 143.10 NOTE
r-devel-windows-x86_64 0.4.0 24.00 125.00 149.00 OK
r-devel-windows-x86_64-gcc10-UCRT 0.4.0 OK
r-patched-linux-x86_64 0.4.0 22.09 91.05 113.14 OK
r-patched-solaris-x86 0.4.0 192.90 OK
r-release-linux-x86_64 0.4.0 22.71 90.72 113.43 OK
r-release-macos-arm64 0.4.0 OK
r-release-macos-x86_64 0.4.0 OK
r-release-windows-ix86+x86_64 0.4.0 49.00 178.00 227.00 OK
r-oldrel-macos-x86_64 0.4.0 OK
r-oldrel-windows-ix86+x86_64 0.4.0 63.00 186.00 249.00 OK

Check Details

Version: 0.4.0
Check: compiled code
Result: NOTE
    File ‘hit/libs/hit.so’:
     Found no calls to: ‘R_registerRoutines’, ‘R_useDynamicSymbols’
    
    It is good practice to register native routines and to disable symbol
    search.
    
    See ‘Writing portable packages’ in the ‘Writing R Extensions’ manual.
Flavors: r-devel-linux-x86_64-fedora-clang, r-devel-linux-x86_64-fedora-gcc