Last updated on 2021-07-01 01:49:14 CEST.
Flavor | Version | Tinstall | Tcheck | Ttotal | Status | Flags |
---|---|---|---|---|---|---|
r-devel-linux-x86_64-debian-clang | 1.2-6 | 5.29 | 55.65 | 60.94 | NOTE | |
r-devel-linux-x86_64-debian-gcc | 1.2-6 | 4.07 | 41.76 | 45.83 | NOTE | |
r-devel-linux-x86_64-fedora-clang | 1.2-6 | 85.40 | NOTE | |||
r-devel-linux-x86_64-fedora-gcc | 1.2-6 | 71.39 | NOTE | |||
r-devel-windows-x86_64 | 1.2-6 | 6.00 | 119.00 | 125.00 | NOTE | |
r-devel-windows-x86_64-gcc10-UCRT | 1.2-6 | NOTE | ||||
r-patched-linux-x86_64 | 1.2-6 | 5.38 | 53.02 | 58.40 | NOTE | |
r-patched-solaris-x86 | 1.2-6 | 97.30 | NOTE | |||
r-release-linux-x86_64 | 1.2-6 | 4.20 | 52.75 | 56.95 | NOTE | |
r-release-macos-arm64 | 1.2-6 | NOTE | ||||
r-release-macos-x86_64 | 1.2-6 | NOTE | ||||
r-release-windows-ix86+x86_64 | 1.2-6 | 7.00 | 74.00 | 81.00 | NOTE | |
r-oldrel-macos-x86_64 | 1.2-6 | NOTE | ||||
r-oldrel-windows-ix86+x86_64 | 1.2-6 | 9.00 | 69.00 | 78.00 | NOTE |
Version: 1.2-6
Check: package dependencies
Result: NOTE
Package suggested but not available for checking: 'glmmADMB'
Flavors: r-devel-linux-x86_64-debian-clang, r-devel-linux-x86_64-debian-gcc, r-devel-linux-x86_64-fedora-clang, r-devel-linux-x86_64-fedora-gcc, r-devel-windows-x86_64, r-devel-windows-x86_64-gcc10-UCRT, r-patched-linux-x86_64, r-patched-solaris-x86, r-release-linux-x86_64, r-release-macos-arm64, r-release-macos-x86_64, r-release-windows-ix86+x86_64, r-oldrel-macos-x86_64, r-oldrel-windows-ix86+x86_64