CRAN Package Check Results for Package holodeck

Last updated on 2021-07-01 01:49:14 CEST.

Flavor Version Tinstall Tcheck Ttotal Status Flags
r-devel-linux-x86_64-debian-clang 0.2.1 4.10 96.96 101.06 NOTE
r-devel-linux-x86_64-debian-gcc 0.2.1 3.08 69.55 72.63 NOTE
r-devel-linux-x86_64-fedora-clang 0.2.1 130.10 NOTE
r-devel-linux-x86_64-fedora-gcc 0.2.1 114.08 NOTE
r-devel-windows-x86_64 0.2.1 6.00 120.00 126.00 NOTE
r-devel-windows-x86_64-gcc10-UCRT 0.2.1 NOTE
r-patched-linux-x86_64 0.2.1 3.96 89.45 93.41 NOTE
r-patched-solaris-x86 0.2.1 147.10 NOTE
r-release-linux-x86_64 0.2.1 3.57 89.87 93.44 NOTE
r-release-macos-arm64 0.2.1 NOTE
r-release-macos-x86_64 0.2.1 NOTE
r-release-windows-ix86+x86_64 0.2.1 37.00 115.00 152.00 NOTE
r-oldrel-macos-x86_64 0.2.1 OK
r-oldrel-windows-ix86+x86_64 0.2.1 11.00 95.00 106.00 OK

Check Details

Version: 0.2.1
Check: LazyData
Result: NOTE
     'LazyData' is specified without a 'data' directory
Flavors: r-devel-linux-x86_64-debian-clang, r-devel-linux-x86_64-debian-gcc, r-devel-linux-x86_64-fedora-clang, r-devel-linux-x86_64-fedora-gcc, r-devel-windows-x86_64, r-devel-windows-x86_64-gcc10-UCRT, r-patched-linux-x86_64, r-patched-solaris-x86, r-release-linux-x86_64, r-release-macos-arm64, r-release-macos-x86_64, r-release-windows-ix86+x86_64