CRAN Package Check Results for Package horserule

Last updated on 2021-07-01 01:49:14 CEST.

Flavor Version Tinstall Tcheck Ttotal Status Flags
r-devel-linux-x86_64-debian-clang 1.0.0 13.28 131.76 145.04 NOTE
r-devel-linux-x86_64-debian-gcc 1.0.0 9.55 95.27 104.82 NOTE
r-devel-linux-x86_64-fedora-clang 1.0.0 185.48 NOTE
r-devel-linux-x86_64-fedora-gcc 1.0.0 164.29 NOTE
r-devel-windows-x86_64 1.0.0 16.00 153.00 169.00 OK
r-devel-windows-x86_64-gcc10-UCRT 1.0.0 NOTE
r-patched-linux-x86_64 1.0.0 11.67 121.99 133.66 NOTE
r-patched-solaris-x86 1.0.0 260.90 NOTE
r-release-linux-x86_64 1.0.0 10.19 121.85 132.04 NOTE
r-release-macos-arm64 1.0.0 NOTE
r-release-macos-x86_64 1.0.0 NOTE
r-release-windows-ix86+x86_64 1.0.0 49.00 134.00 183.00 OK
r-oldrel-macos-x86_64 1.0.0 NOTE
r-oldrel-windows-ix86+x86_64 1.0.0 29.00 122.00 151.00 OK

Check Details

Version: 1.0.0
Check: for non-standard things in the check directory
Result: NOTE
    Found the following files/directories:
     'NUL'
Flavors: r-devel-linux-x86_64-debian-clang, r-devel-linux-x86_64-debian-gcc, r-devel-linux-x86_64-fedora-clang, r-devel-linux-x86_64-fedora-gcc, r-patched-linux-x86_64, r-patched-solaris-x86, r-release-linux-x86_64

Version: 1.0.0
Check: dependencies in R code
Result: NOTE
    Namespaces in Imports field not imported from:
     ‘MASS’ ‘Rdpack’
     All declared Imports should be used.
Flavors: r-devel-linux-x86_64-fedora-clang, r-devel-linux-x86_64-fedora-gcc, r-devel-windows-x86_64-gcc10-UCRT, r-patched-solaris-x86, r-release-macos-arm64, r-release-macos-x86_64, r-oldrel-macos-x86_64