CRAN Package Check Results for Package hunspell

Last updated on 2021-07-01 01:49:14 CEST.

Flavor Version Tinstall Tcheck Ttotal Status Flags
r-devel-linux-x86_64-debian-clang 3.0.1 65.38 45.00 110.38 OK
r-devel-linux-x86_64-debian-gcc 3.0.1 48.39 40.53 88.92 OK
r-devel-linux-x86_64-fedora-clang 3.0.1 183.84 NOTE
r-devel-linux-x86_64-fedora-gcc 3.0.1 149.06 OK
r-devel-windows-x86_64 3.0.1 64.00 95.00 159.00 OK
r-devel-windows-x86_64-gcc10-UCRT 3.0.1 OK
r-patched-linux-x86_64 3.0.1 55.17 49.99 105.16 OK
r-patched-solaris-x86 3.0.1 156.70 OK
r-release-linux-x86_64 3.0.1 55.08 50.10 105.18 OK
r-release-macos-arm64 3.0.1 NOTE
r-release-macos-x86_64 3.0.1 NOTE
r-release-windows-ix86+x86_64 3.0.1 118.00 124.00 242.00 NOTE
r-oldrel-macos-x86_64 3.0.1 NOTE
r-oldrel-windows-ix86+x86_64 3.0.1 148.00 137.00 285.00 NOTE

Check Details

Version: 3.0.1
Check: installed package size
Result: NOTE
     installed size is 7.7Mb
     sub-directories of 1Mb or more:
     dict 1.5Mb
     doc 1.2Mb
     libs 4.9Mb
Flavors: r-devel-linux-x86_64-fedora-clang, r-release-macos-arm64, r-release-macos-x86_64, r-release-windows-ix86+x86_64, r-oldrel-macos-x86_64, r-oldrel-windows-ix86+x86_64