CRAN Package Check Results for Package iSTATS

Last updated on 2021-07-01 01:49:15 CEST.

Flavor Version Tinstall Tcheck Ttotal Status Flags
r-devel-linux-x86_64-debian-clang 1.5 8.03 64.98 73.01 OK
r-devel-linux-x86_64-debian-gcc 1.5 6.32 47.86 54.18 OK
r-devel-linux-x86_64-fedora-clang 1.5 97.21 NOTE
r-devel-linux-x86_64-fedora-gcc 1.5 82.00 OK
r-devel-windows-x86_64 1.5 31.00 84.00 115.00 NOTE
r-devel-windows-x86_64-gcc10-UCRT 1.5 OK
r-patched-linux-x86_64 1.5 7.48 61.63 69.11 OK
r-patched-solaris-x86 1.5 124.90 NOTE
r-release-linux-x86_64 1.5 6.91 61.25 68.16 OK
r-release-macos-arm64 1.5 NOTE
r-release-macos-x86_64 1.5 NOTE
r-release-windows-ix86+x86_64 1.5 22.00 80.00 102.00 NOTE
r-oldrel-macos-x86_64 1.5 NOTE
r-oldrel-windows-ix86+x86_64 1.5 20.00 70.00 90.00 NOTE

Check Details

Version: 1.5
Check: installed package size
Result: NOTE
     installed size is 5.9Mb
     sub-directories of 1Mb or more:
     app 4.3Mb
     data 1.6Mb
Flavors: r-devel-linux-x86_64-fedora-clang, r-devel-windows-x86_64, r-patched-solaris-x86, r-release-macos-arm64, r-release-macos-x86_64, r-release-windows-ix86+x86_64, r-oldrel-macos-x86_64, r-oldrel-windows-ix86+x86_64