CRAN Package Check Results for Package iSubGen

Last updated on 2021-07-01 01:49:15 CEST.

Flavor Version Tinstall Tcheck Ttotal Status Flags
r-devel-linux-x86_64-debian-clang 1.0.1 10.60 107.03 117.63 OK
r-devel-linux-x86_64-debian-gcc 1.0.1 8.64 82.20 90.84 OK
r-devel-linux-x86_64-fedora-clang 1.0.1 153.41 OK
r-devel-linux-x86_64-fedora-gcc 1.0.1 138.85 OK
r-devel-windows-x86_64 1.0.1 21.00 142.00 163.00 OK
r-devel-windows-x86_64-gcc10-UCRT 1.0.1 OK
r-patched-linux-x86_64 1.0.1 9.00 104.76 113.76 OK
r-patched-solaris-x86 1.0.1 202.50 OK
r-release-linux-x86_64 1.0.1 10.13 104.19 114.32 OK
r-release-macos-arm64 1.0.1 ERROR
r-release-macos-x86_64 1.0.1 ERROR
r-release-windows-ix86+x86_64 1.0.1 41.00 116.00 157.00 OK
r-oldrel-macos-x86_64 1.0.1 ERROR
r-oldrel-windows-ix86+x86_64 1.0.1 24.00 115.00 139.00 OK

Check Details

Version: 1.0.1
Check: package dependencies
Result: ERROR
    Package required but not available: ‘ConsensusClusterPlus’
    
    See section ‘The DESCRIPTION file’ in the ‘Writing R Extensions’
    manual.
Flavors: r-release-macos-arm64, r-release-macos-x86_64, r-oldrel-macos-x86_64