Last updated on 2021-07-01 01:49:14 CEST.
Flavor | Version | Tinstall | Tcheck | Ttotal | Status | Flags |
---|---|---|---|---|---|---|
r-devel-linux-x86_64-debian-clang | 0.1.0 | 12.34 | 30.29 | 42.63 | OK | |
r-devel-linux-x86_64-debian-gcc | 0.1.0 | 6.61 | 22.62 | 29.23 | OK | |
r-devel-linux-x86_64-fedora-clang | 0.1.0 | 62.95 | NOTE | |||
r-devel-linux-x86_64-fedora-gcc | 0.1.0 | 47.24 | NOTE | |||
r-devel-windows-x86_64 | 0.1.0 | 11.00 | 57.00 | 68.00 | OK | |
r-devel-windows-x86_64-gcc10-UCRT | 0.1.0 | OK | ||||
r-patched-linux-x86_64 | 0.1.0 | 8.91 | 29.37 | 38.28 | OK | |
r-patched-solaris-x86 | 0.1.0 | 64.90 | OK | |||
r-release-linux-x86_64 | 0.1.0 | 8.08 | 28.12 | 36.20 | OK | |
r-release-macos-arm64 | 0.1.0 | OK | ||||
r-release-macos-x86_64 | 0.1.0 | OK | ||||
r-release-windows-ix86+x86_64 | 0.1.0 | 18.00 | 59.00 | 77.00 | OK | |
r-oldrel-macos-x86_64 | 0.1.0 | OK | ||||
r-oldrel-windows-ix86+x86_64 | 0.1.0 | 26.00 | 69.00 | 95.00 | OK |
Version: 0.1.0
Check: compiled code
Result: NOTE
File ‘ibm/libs/ibm.so’:
Found no calls to: ‘R_registerRoutines’, ‘R_useDynamicSymbols’
It is good practice to register native routines and to disable symbol
search.
See ‘Writing portable packages’ in the ‘Writing R Extensions’ manual.
Flavors: r-devel-linux-x86_64-fedora-clang, r-devel-linux-x86_64-fedora-gcc