Last updated on 2021-07-01 01:49:14 CEST.
Flavor | Version | Tinstall | Tcheck | Ttotal | Status | Flags |
---|---|---|---|---|---|---|
r-devel-linux-x86_64-debian-clang | 0.1.0 | 3.24 | 57.27 | 60.51 | NOTE | |
r-devel-linux-x86_64-debian-gcc | 0.1.0 | 2.57 | 36.80 | 39.37 | NOTE | |
r-devel-linux-x86_64-fedora-clang | 0.1.0 | 77.06 | NOTE | |||
r-devel-linux-x86_64-fedora-gcc | 0.1.0 | 60.70 | NOTE | |||
r-devel-windows-x86_64 | 0.1.0 | 4.00 | 65.00 | 69.00 | NOTE | |
r-devel-windows-x86_64-gcc10-UCRT | 0.1.0 | NOTE | ||||
r-patched-linux-x86_64 | 0.1.0 | 3.62 | 45.41 | 49.03 | NOTE | |
r-patched-solaris-x86 | 0.1.0 | 88.20 | NOTE | |||
r-release-linux-x86_64 | 0.1.0 | 3.22 | 46.03 | 49.25 | NOTE | |
r-release-macos-arm64 | 0.1.0 | NOTE | ||||
r-release-macos-x86_64 | 0.1.0 | NOTE | ||||
r-release-windows-ix86+x86_64 | 0.1.0 | 5.00 | 67.00 | 72.00 | NOTE | |
r-oldrel-macos-x86_64 | 0.1.0 | OK | ||||
r-oldrel-windows-ix86+x86_64 | 0.1.0 | 6.00 | 55.00 | 61.00 | OK |
Version: 0.1.0
Check: LazyData
Result: NOTE
'LazyData' is specified without a 'data' directory
Flavors: r-devel-linux-x86_64-debian-clang, r-devel-linux-x86_64-debian-gcc, r-devel-linux-x86_64-fedora-clang, r-devel-linux-x86_64-fedora-gcc, r-devel-windows-x86_64, r-devel-windows-x86_64-gcc10-UCRT, r-patched-linux-x86_64, r-patched-solaris-x86, r-release-linux-x86_64, r-release-macos-arm64, r-release-macos-x86_64, r-release-windows-ix86+x86_64
Version: 0.1.0
Check: installed package size
Result: NOTE
installed size is 5.5Mb
sub-directories of 1Mb or more:
doc 2.8Mb
help 1.9Mb
Flavor: r-patched-solaris-x86