CRAN Package Check Results for Package igraph

Last updated on 2021-07-01 01:49:15 CEST.

Flavor Version Tinstall Tcheck Ttotal Status Flags
r-devel-linux-x86_64-debian-clang 1.2.6 246.25 225.12 471.37 OK
r-devel-linux-x86_64-debian-gcc 1.2.6 169.82 165.49 335.31 OK
r-devel-linux-x86_64-fedora-clang 1.2.6 627.86 NOTE
r-devel-linux-x86_64-fedora-gcc 1.2.6 574.66 OK
r-devel-windows-x86_64 1.2.6 306.00 302.00 608.00 NOTE
r-devel-windows-x86_64-gcc10-UCRT 1.2.6 OK
r-patched-linux-x86_64 1.2.6 211.70 214.48 426.18 OK
r-patched-solaris-x86 1.2.6 820.10 NOTE
r-release-linux-x86_64 1.2.6 198.86 216.00 414.86 OK
r-release-macos-arm64 1.2.6 NOTE
r-release-macos-x86_64 1.2.6 NOTE
r-release-windows-ix86+x86_64 1.2.6 700.00 358.00 1058.00 NOTE
r-oldrel-macos-x86_64 1.2.6 NOTE
r-oldrel-windows-ix86+x86_64 1.2.6 701.00 370.00 1071.00 NOTE

Check Details

Version: 1.2.6
Check: installed package size
Result: NOTE
     installed size is 17.1Mb
     sub-directories of 1Mb or more:
     R 1.4Mb
     help 1.1Mb
     libs 14.1Mb
Flavors: r-devel-linux-x86_64-fedora-clang, r-devel-windows-x86_64, r-patched-solaris-x86, r-release-macos-arm64, r-release-macos-x86_64, r-release-windows-ix86+x86_64, r-oldrel-macos-x86_64, r-oldrel-windows-ix86+x86_64