CRAN Package Check Results for Package iheiddown

Last updated on 2021-07-01 01:49:15 CEST.

Flavor Version Tinstall Tcheck Ttotal Status Flags
r-devel-linux-x86_64-debian-clang 0.8.2 10.52 111.59 122.11 OK
r-devel-linux-x86_64-debian-gcc 0.8.2 9.16 83.84 93.00 OK
r-devel-linux-x86_64-fedora-clang 0.8.2 161.55 NOTE
r-devel-linux-x86_64-fedora-gcc 0.8.2 145.78 NOTE
r-devel-windows-x86_64 0.8.2 12.00 138.00 150.00 OK
r-devel-windows-x86_64-gcc10-UCRT 0.8.2 NOTE
r-patched-linux-x86_64 0.8.2 10.09 104.69 114.78 OK
r-patched-solaris-x86 0.8.2 208.30 NOTE
r-release-linux-x86_64 0.8.2 9.43 104.43 113.86 OK
r-release-macos-arm64 0.8.2 NOTE
r-release-macos-x86_64 0.8.2 NOTE
r-release-windows-ix86+x86_64 0.8.2 21.00 101.00 122.00 OK
r-oldrel-macos-x86_64 0.8.2 NOTE
r-oldrel-windows-ix86+x86_64 0.8.2 21.00 108.00 129.00 OK

Check Details

Version: 0.8.2
Check: dependencies in R code
Result: NOTE
    Namespaces in Imports field not imported from:
     ‘covr’ ‘magrittr’ ‘roxygen2’
     All declared Imports should be used.
Flavors: r-devel-linux-x86_64-fedora-clang, r-devel-linux-x86_64-fedora-gcc, r-devel-windows-x86_64-gcc10-UCRT, r-patched-solaris-x86, r-release-macos-arm64, r-release-macos-x86_64, r-oldrel-macos-x86_64