CRAN Package Check Results for Package image.CannyEdges

Last updated on 2021-07-01 01:49:15 CEST.

Flavor Version Tinstall Tcheck Ttotal Status Flags
r-devel-linux-x86_64-debian-clang 0.1.0 17.74 27.93 45.67 OK
r-devel-linux-x86_64-debian-gcc 0.1.0 12.19 21.85 34.04 OK
r-devel-linux-x86_64-fedora-clang 0.1.0 73.26 OK
r-devel-linux-x86_64-fedora-gcc 0.1.0 56.88 OK
r-devel-windows-x86_64 0.1.0 20.00 63.00 83.00 OK
r-devel-windows-x86_64-gcc10-UCRT 0.1.0 OK
r-patched-linux-x86_64 0.1.0 14.90 26.82 41.72 OK
r-patched-solaris-x86 0.1.0 74.60 OK
r-release-linux-x86_64 0.1.0 17.94 26.73 44.67 OK
r-release-macos-arm64 0.1.0 OK
r-release-macos-x86_64 0.1.0 OK
r-release-windows-ix86+x86_64 0.1.0 36.00 66.00 102.00 NOTE
r-oldrel-macos-x86_64 0.1.0 OK
r-oldrel-windows-ix86+x86_64 0.1.0 48.00 70.00 118.00 NOTE

Check Details

Version: 0.1.0
Check: installed package size
Result: NOTE
     installed size is 5.5Mb
     sub-directories of 1Mb or more:
     extdata 1.7Mb
     libs 3.7Mb
Flavors: r-release-windows-ix86+x86_64, r-oldrel-windows-ix86+x86_64