CRAN Package Check Results for Package imgpalr

Last updated on 2021-07-01 01:49:15 CEST.

Flavor Version Tinstall Tcheck Ttotal Status Flags
r-devel-linux-x86_64-debian-clang 0.3.1 3.20 47.38 50.58 NOTE
r-devel-linux-x86_64-debian-gcc 0.3.1 2.68 35.07 37.75 NOTE
r-devel-linux-x86_64-fedora-clang 0.3.1 67.62 NOTE
r-devel-linux-x86_64-fedora-gcc 0.3.1 58.33 NOTE
r-devel-windows-x86_64 0.3.1 14.00 65.00 79.00 NOTE
r-devel-windows-x86_64-gcc10-UCRT 0.3.1 NOTE
r-patched-linux-x86_64 0.3.1 3.37 43.65 47.02 NOTE
r-patched-solaris-x86 0.3.1 85.70 NOTE
r-release-linux-x86_64 0.3.1 3.24 44.27 47.51 NOTE
r-release-macos-arm64 0.3.1 NOTE
r-release-macos-x86_64 0.3.1 NOTE
r-release-windows-ix86+x86_64 0.3.1 37.00 63.00 100.00 NOTE
r-oldrel-macos-x86_64 0.3.1 OK
r-oldrel-windows-ix86+x86_64 0.3.1 9.00 59.00 68.00 OK

Check Details

Version: 0.3.1
Check: LazyData
Result: NOTE
     'LazyData' is specified without a 'data' directory
Flavors: r-devel-linux-x86_64-debian-clang, r-devel-linux-x86_64-debian-gcc, r-devel-linux-x86_64-fedora-clang, r-devel-linux-x86_64-fedora-gcc, r-devel-windows-x86_64, r-devel-windows-x86_64-gcc10-UCRT, r-patched-linux-x86_64, r-patched-solaris-x86, r-release-linux-x86_64, r-release-macos-arm64, r-release-macos-x86_64, r-release-windows-ix86+x86_64