CRAN Package Check Results for Package incidence2

Last updated on 2021-07-01 01:49:15 CEST.

Flavor Version Tinstall Tcheck Ttotal Status Flags
r-devel-linux-x86_64-debian-clang 1.1 4.85 102.57 107.42 OK
r-devel-linux-x86_64-debian-gcc 1.1 4.05 65.13 69.18 OK
r-devel-linux-x86_64-fedora-clang 1.1 98.67 OK
r-devel-linux-x86_64-fedora-gcc 1.1 106.77 OK
r-devel-windows-x86_64 1.1 9.00 105.00 114.00 OK
r-devel-windows-x86_64-gcc10-UCRT 1.1 OK
r-patched-linux-x86_64 1.1 11.96 82.82 94.78 OK
r-patched-solaris-x86 1.1 133.40 OK
r-release-linux-x86_64 1.1 4.80 82.59 87.39 OK
r-release-macos-arm64 1.1 OK
r-release-macos-x86_64 1.1 ERROR
r-release-windows-ix86+x86_64 1.1 10.00 99.00 109.00 OK
r-oldrel-macos-x86_64 1.1 ERROR
r-oldrel-windows-ix86+x86_64 1.1 11.00 86.00 97.00 OK

Check Details

Version: 1.1
Check: tests
Result: ERROR
     Running ‘testthat.R’ [3s/3s]
    Running the tests in ‘tests/testthat.R’ failed.
    Last 13 lines of output:
    
     `actual$count[103:106]`: 14 14 14 4
     `expected$count[102:105]`: 14 14 14 6
    
     [ FAIL 1 | WARN 0 | SKIP 31 | PASS 181 ]
     Deleting unused snapshots:
     * _snaps/plots/day.png
     * _snaps/plots/double.png
     * _snaps/plots/integer.png
     * _snaps/plots/month_grouped.png
     * _snaps/plots/multiday.png
     * _snaps/plots/quarterly_grouped.png
     * _snaps/plots/week_grouped.png
     Error: Test failures
     Execution halted
Flavors: r-release-macos-x86_64, r-oldrel-macos-x86_64