Last updated on 2021-07-01 01:49:15 CEST.
Flavor | Version | Tinstall | Tcheck | Ttotal | Status | Flags |
---|---|---|---|---|---|---|
r-devel-linux-x86_64-debian-clang | 1.0 | 63.28 | 76.40 | 139.68 | OK | |
r-devel-linux-x86_64-debian-gcc | 1.0 | 43.59 | 56.66 | 100.25 | OK | |
r-devel-linux-x86_64-fedora-clang | 1.0 | 186.20 | OK | |||
r-devel-linux-x86_64-fedora-gcc | 1.0 | 178.57 | OK | |||
r-devel-windows-x86_64 | 1.0 | 57.00 | 105.00 | 162.00 | OK | |
r-devel-windows-x86_64-gcc10-UCRT | 1.0 | OK | ||||
r-patched-linux-x86_64 | 1.0 | 52.11 | 70.58 | 122.69 | OK | |
r-patched-solaris-x86 | 1.0 | 186.10 | OK | |||
r-release-linux-x86_64 | 1.0 | 53.02 | 70.72 | 123.74 | OK | |
r-release-macos-arm64 | 1.0 | NOTE | ||||
r-release-macos-x86_64 | 1.0 | NOTE | ||||
r-release-windows-ix86+x86_64 | 1.0 | 139.00 | 139.00 | 278.00 | OK | |
r-oldrel-macos-x86_64 | 1.0 | NOTE | ||||
r-oldrel-windows-ix86+x86_64 | 1.0 | 144.00 | 137.00 | 281.00 | OK |
Version: 1.0
Check: installed package size
Result: NOTE
installed size is 5.9Mb
sub-directories of 1Mb or more:
libs 5.8Mb
Flavors: r-release-macos-arm64, r-release-macos-x86_64, r-oldrel-macos-x86_64