CRAN Package Check Results for Package inlabru

Last updated on 2021-07-01 01:49:15 CEST.

Flavor Version Tinstall Tcheck Ttotal Status Flags
r-devel-linux-x86_64-debian-clang 2.3.1 21.20 194.55 215.75 NOTE
r-devel-linux-x86_64-debian-gcc 2.3.1 16.19 141.94 158.13 NOTE
r-devel-linux-x86_64-fedora-clang 2.3.1 343.85 OK
r-devel-linux-x86_64-fedora-gcc 2.3.1 329.85 OK
r-devel-windows-x86_64 2.3.1 28.00 235.00 263.00 OK
r-devel-windows-x86_64-gcc10-UCRT 2.3.1 NOTE
r-patched-linux-x86_64 2.3.1 22.66 180.05 202.71 NOTE
r-patched-solaris-x86 2.3.1 331.60 NOTE
r-release-linux-x86_64 2.3.1 19.55 181.90 201.45 NOTE
r-release-macos-arm64 2.3.1 NOTE
r-release-macos-x86_64 2.3.1 NOTE
r-release-windows-ix86+x86_64 2.3.1 42.00 241.00 283.00 OK
r-oldrel-macos-x86_64 2.3.1 NOTE
r-oldrel-windows-ix86+x86_64 2.3.1 42.00 201.00 243.00 OK

Check Details

Version: 2.3.1
Check: package dependencies
Result: NOTE
    Package suggested but not available for checking: 'INLA'
Flavors: r-devel-linux-x86_64-debian-clang, r-devel-linux-x86_64-debian-gcc, r-devel-windows-x86_64-gcc10-UCRT, r-patched-linux-x86_64, r-patched-solaris-x86, r-release-linux-x86_64, r-release-macos-arm64, r-release-macos-x86_64, r-oldrel-macos-x86_64