Last updated on 2021-07-01 01:49:15 CEST.
Flavor | Version | Tinstall | Tcheck | Ttotal | Status | Flags |
---|---|---|---|---|---|---|
r-devel-linux-x86_64-debian-clang | 0.5.2 | 18.19 | 150.42 | 168.61 | NOTE | |
r-devel-linux-x86_64-debian-gcc | 0.5.2 | 13.74 | 110.50 | 124.24 | NOTE | |
r-devel-linux-x86_64-fedora-clang | 0.5.2 | 210.01 | NOTE | |||
r-devel-linux-x86_64-fedora-gcc | 0.5.2 | 206.17 | NOTE | |||
r-devel-windows-x86_64 | 0.5.2 | 20.00 | 179.00 | 199.00 | NOTE | |
r-devel-windows-x86_64-gcc10-UCRT | 0.5.2 | NOTE | ||||
r-patched-linux-x86_64 | 0.5.2 | 21.84 | 140.88 | 162.72 | NOTE | |
r-patched-solaris-x86 | 0.5.2 | 275.30 | NOTE | |||
r-release-linux-x86_64 | 0.5.2 | 16.22 | 141.36 | 157.58 | NOTE | |
r-release-macos-arm64 | 0.5.2 | NOTE | ||||
r-release-macos-x86_64 | 0.5.2 | NOTE | ||||
r-release-windows-ix86+x86_64 | 0.5.2 | 36.00 | 230.00 | 266.00 | NOTE | |
r-oldrel-macos-x86_64 | 0.5.2 | OK | ||||
r-oldrel-windows-ix86+x86_64 | 0.5.2 | 36.00 | 217.00 | 253.00 | OK |
Version: 0.5.2
Check: LazyData
Result: NOTE
'LazyData' is specified without a 'data' directory
'LazyDataCompression' is specified without a 'data' directory
Flavors: r-devel-linux-x86_64-debian-clang, r-devel-linux-x86_64-debian-gcc, r-devel-linux-x86_64-fedora-clang, r-devel-linux-x86_64-fedora-gcc, r-devel-windows-x86_64, r-devel-windows-x86_64-gcc10-UCRT, r-patched-linux-x86_64, r-patched-solaris-x86, r-release-linux-x86_64, r-release-macos-arm64, r-release-macos-x86_64, r-release-windows-ix86+x86_64