Last updated on 2021-07-01 01:49:15 CEST.
Flavor | Version | Tinstall | Tcheck | Ttotal | Status | Flags |
---|---|---|---|---|---|---|
r-devel-linux-x86_64-debian-clang | 1.4-9 | 12.15 | 164.66 | 176.81 | OK | |
r-devel-linux-x86_64-debian-gcc | 1.4-9 | 9.64 | 122.69 | 132.33 | OK | |
r-devel-linux-x86_64-fedora-clang | 1.4-9 | 218.60 | OK | |||
r-devel-linux-x86_64-fedora-gcc | 1.4-9 | 208.97 | OK | |||
r-devel-windows-x86_64 | 1.4-9 | 14.00 | 193.00 | 207.00 | OK | |
r-devel-windows-x86_64-gcc10-UCRT | 1.4-9 | OK | ||||
r-patched-linux-x86_64 | 1.4-9 | 11.53 | 157.26 | 168.79 | OK | |
r-patched-solaris-x86 | 1.4-9 | 320.80 | OK | |||
r-release-linux-x86_64 | 1.4-9 | 11.82 | 157.16 | 168.98 | OK | |
r-release-macos-arm64 | 1.4-9 | NOTE | ||||
r-release-macos-x86_64 | 1.4-9 | OK | ||||
r-release-windows-ix86+x86_64 | 1.4-9 | 26.00 | 179.00 | 205.00 | OK | |
r-oldrel-macos-x86_64 | 1.4-9 | OK | ||||
r-oldrel-windows-ix86+x86_64 | 1.4-9 | 23.00 | 167.00 | 190.00 | OK |
Version: 1.4-9
Check: package dependencies
Result: NOTE
Package which this enhances but not available for checking: ‘psgp’
Flavor: r-release-macos-arm64
Version: 1.4-9
Check: Rd cross-references
Result: NOTE
Package unavailable to check Rd xrefs: ‘psgp’
Flavor: r-release-macos-arm64