Last updated on 2021-07-01 01:49:15 CEST.
Flavor | Version | Tinstall | Tcheck | Ttotal | Status | Flags |
---|---|---|---|---|---|---|
r-devel-linux-x86_64-debian-clang | 0.7.3 | 83.89 | 98.39 | 182.28 | OK | |
r-devel-linux-x86_64-debian-gcc | 0.7.3 | 53.37 | 73.25 | 126.62 | OK | |
r-devel-linux-x86_64-fedora-clang | 0.7.3 | 237.89 | NOTE | |||
r-devel-linux-x86_64-fedora-gcc | 0.7.3 | 212.59 | OK | |||
r-devel-windows-x86_64 | 0.7.3 | 67.00 | 127.00 | 194.00 | OK | |
r-devel-windows-x86_64-gcc10-UCRT | 0.7.3 | OK | ||||
r-patched-linux-x86_64 | 0.7.3 | 61.40 | 92.60 | 154.00 | OK | |
r-patched-solaris-x86 | 0.7.3 | 219.40 | OK | |||
r-release-linux-x86_64 | 0.7.3 | 63.26 | 92.91 | 156.17 | OK | |
r-release-macos-arm64 | 0.7.3 | NOTE | ||||
r-release-macos-x86_64 | 0.7.3 | NOTE | ||||
r-release-windows-ix86+x86_64 | 0.7.3 | 160.00 | 154.00 | 314.00 | OK | |
r-oldrel-macos-x86_64 | 0.7.3 | NOTE | ||||
r-oldrel-windows-ix86+x86_64 | 0.7.3 | 169.00 | 145.00 | 314.00 | OK |
Version: 0.7.3
Check: installed package size
Result: NOTE
installed size is 8.7Mb
sub-directories of 1Mb or more:
libs 7.4Mb
Flavors: r-devel-linux-x86_64-fedora-clang, r-release-macos-arm64, r-release-macos-x86_64, r-oldrel-macos-x86_64