Last updated on 2021-07-01 01:49:15 CEST.
Flavor | Version | Tinstall | Tcheck | Ttotal | Status | Flags |
---|---|---|---|---|---|---|
r-devel-linux-x86_64-debian-clang | 1.2 | 9.63 | 79.18 | 88.81 | OK | |
r-devel-linux-x86_64-debian-gcc | 1.2 | 7.36 | 59.11 | 66.47 | OK | |
r-devel-linux-x86_64-fedora-clang | 1.2 | 115.95 | NOTE | |||
r-devel-linux-x86_64-fedora-gcc | 1.2 | 102.12 | NOTE | |||
r-devel-windows-x86_64 | 1.2 | 11.00 | 104.00 | 115.00 | OK | |
r-devel-windows-x86_64-gcc10-UCRT | 1.2 | NOTE | ||||
r-patched-linux-x86_64 | 1.2 | 5.62 | 73.92 | 79.54 | OK | |
r-patched-solaris-x86 | 1.2 | 150.10 | NOTE | |||
r-release-linux-x86_64 | 1.2 | 8.89 | 73.70 | 82.59 | OK | |
r-release-macos-arm64 | 1.2 | NOTE | ||||
r-release-macos-x86_64 | 1.2 | NOTE | ||||
r-release-windows-ix86+x86_64 | 1.2 | 21.00 | 102.00 | 123.00 | OK | |
r-oldrel-macos-x86_64 | 1.2 | NOTE | ||||
r-oldrel-windows-ix86+x86_64 | 1.2 | 21.00 | 83.00 | 104.00 | OK |
Version: 1.2
Check: dependencies in R code
Result: NOTE
Namespace in Imports field not imported from: ‘chemometrics’
All declared Imports should be used.
Flavors: r-devel-linux-x86_64-fedora-clang, r-devel-linux-x86_64-fedora-gcc, r-devel-windows-x86_64-gcc10-UCRT, r-patched-solaris-x86, r-release-macos-arm64, r-release-macos-x86_64, r-oldrel-macos-x86_64