Last updated on 2021-07-01 01:49:15 CEST.
Flavor | Version | Tinstall | Tcheck | Ttotal | Status | Flags |
---|---|---|---|---|---|---|
r-devel-linux-x86_64-debian-clang | 2.4 | 15.74 | 212.40 | 228.14 | OK | |
r-devel-linux-x86_64-debian-gcc | 2.4 | 11.83 | 159.20 | 171.03 | OK | |
r-devel-linux-x86_64-fedora-clang | 2.4 | 279.38 | OK | |||
r-devel-linux-x86_64-fedora-gcc | 2.4 | 277.71 | OK | |||
r-devel-windows-x86_64 | 2.4 | 16.00 | 260.00 | 276.00 | OK | |
r-devel-windows-x86_64-gcc10-UCRT | 2.4 | OK | ||||
r-patched-linux-x86_64 | 2.4 | 18.27 | 201.02 | 219.29 | OK | |
r-patched-solaris-x86 | 2.4 | 592.80 | NOTE | |||
r-release-linux-x86_64 | 2.4 | 14.08 | 200.66 | 214.74 | OK | |
r-release-macos-arm64 | 2.4 | OK | ||||
r-release-macos-x86_64 | 2.4 | OK | ||||
r-release-windows-ix86+x86_64 | 2.4 | 19.00 | 240.00 | 259.00 | OK | |
r-oldrel-macos-x86_64 | 2.4 | OK | ||||
r-oldrel-windows-ix86+x86_64 | 2.4 | 27.00 | 267.00 | 294.00 | OK |
Version: 2.4
Check: installed package size
Result: NOTE
installed size is 5.5Mb
sub-directories of 1Mb or more:
doc 4.1Mb
Flavor: r-patched-solaris-x86