CRAN Package Check Results for Package ivdoctr

Last updated on 2021-07-01 01:49:15 CEST.

Flavor Version Tinstall Tcheck Ttotal Status Flags
r-devel-linux-x86_64-debian-clang 1.0.0 38.97 125.81 164.78 OK
r-devel-linux-x86_64-debian-gcc 1.0.0 28.77 94.35 123.12 OK
r-devel-linux-x86_64-fedora-clang 1.0.0 212.20 NOTE
r-devel-linux-x86_64-fedora-gcc 1.0.0 202.37 NOTE
r-devel-windows-x86_64 1.0.0 62.00 160.00 222.00 OK
r-devel-windows-x86_64-gcc10-UCRT 1.0.0 NOTE
r-patched-linux-x86_64 1.0.0 35.60 118.64 154.24 OK
r-patched-solaris-x86 1.0.0 262.10 NOTE
r-release-linux-x86_64 1.0.0 32.69 117.73 150.42 OK
r-release-macos-arm64 1.0.0 NOTE
r-release-macos-x86_64 1.0.0 NOTE
r-release-windows-ix86+x86_64 1.0.0 95.00 202.00 297.00 OK
r-oldrel-macos-x86_64 1.0.0 NOTE
r-oldrel-windows-ix86+x86_64 1.0.0 101.00 201.00 302.00 OK

Check Details

Version: 1.0.0
Check: dependencies in R code
Result: NOTE
    Namespace in Imports field not imported from: ‘Rcpp’
     All declared Imports should be used.
Flavors: r-devel-linux-x86_64-fedora-clang, r-devel-linux-x86_64-fedora-gcc, r-devel-windows-x86_64-gcc10-UCRT, r-patched-solaris-x86, r-release-macos-arm64, r-release-macos-x86_64, r-oldrel-macos-x86_64

Version: 1.0.0
Check: data for non-ASCII characters
Result: NOTE
     Note: found 58 marked UTF-8 strings
Flavors: r-devel-linux-x86_64-fedora-clang, r-devel-linux-x86_64-fedora-gcc, r-devel-windows-x86_64-gcc10-UCRT, r-patched-solaris-x86, r-release-macos-arm64, r-release-macos-x86_64, r-oldrel-macos-x86_64