CRAN Package Check Results for Package janitor

Last updated on 2021-07-01 01:49:16 CEST.

Flavor Version Tinstall Tcheck Ttotal Status Flags
r-devel-linux-x86_64-debian-clang 2.1.0 7.85 90.19 98.04 NOTE
r-devel-linux-x86_64-debian-gcc 2.1.0 6.22 68.03 74.25 NOTE
r-devel-linux-x86_64-fedora-clang 2.1.0 121.42 NOTE
r-devel-linux-x86_64-fedora-gcc 2.1.0 111.08 NOTE
r-devel-windows-x86_64 2.1.0 12.00 114.00 126.00 WARN
r-devel-windows-x86_64-gcc10-UCRT 2.1.0 NOTE
r-patched-linux-x86_64 2.1.0 8.04 84.47 92.51 NOTE
r-patched-solaris-x86 2.1.0 152.50 NOTE
r-release-linux-x86_64 2.1.0 7.77 84.54 92.31 NOTE
r-release-macos-arm64 2.1.0 NOTE
r-release-macos-x86_64 2.1.0 NOTE
r-release-windows-ix86+x86_64 2.1.0 16.00 106.00 122.00 WARN
r-oldrel-macos-x86_64 2.1.0 OK
r-oldrel-windows-ix86+x86_64 2.1.0 12.00 110.00 122.00 WARN

Check Details

Version: 2.1.0
Check: LazyData
Result: NOTE
     'LazyData' is specified without a 'data' directory
Flavors: r-devel-linux-x86_64-debian-clang, r-devel-linux-x86_64-debian-gcc, r-devel-linux-x86_64-fedora-clang, r-devel-linux-x86_64-fedora-gcc, r-devel-windows-x86_64, r-devel-windows-x86_64-gcc10-UCRT, r-patched-linux-x86_64, r-patched-solaris-x86, r-release-linux-x86_64, r-release-macos-arm64, r-release-macos-x86_64, r-release-windows-ix86+x86_64

Version: 2.1.0
Check: re-building of vignette outputs
Result: WARN
    Error(s) in re-building vignettes:
    --- re-building 'janitor.Rmd' using rmarkdown
    
    Attaching package: 'janitor'
    
    The following objects are masked from 'package:stats':
    
     chisq.test, fisher.test
    
    pandoc.exe: Unknown extension: gfm_auto_identifiers
    Error: processing vignette 'janitor.Rmd' failed with diagnostics:
    pandoc document conversion failed with error 7
    --- failed re-building 'janitor.Rmd'
    
    --- re-building 'tabyls.Rmd' using rmarkdown
    
    Attaching package: 'dplyr'
    
    The following objects are masked from 'package:stats':
    
     filter, lag
    
    The following objects are masked from 'package:base':
    
     intersect, setdiff, setequal, union
    
    --- finished re-building 'tabyls.Rmd'
    
    SUMMARY: processing the following file failed:
     'janitor.Rmd'
    
    Error: Vignette re-building failed.
    Execution halted
Flavors: r-devel-windows-x86_64, r-release-windows-ix86+x86_64, r-oldrel-windows-ix86+x86_64

Version: 2.1.0
Check: package dependencies
Result: NOTE
    Package suggested but not available for checking: ‘sf’
Flavor: r-release-macos-arm64