CRAN Package Check Results for Package jdx

Last updated on 2021-07-01 01:49:16 CEST.

Flavor Version Tinstall Tcheck Ttotal Status Flags
r-devel-linux-x86_64-debian-clang 0.1.4 3.35 45.04 48.39 OK
r-devel-linux-x86_64-debian-gcc 0.1.4 2.81 34.46 37.27 OK
r-devel-linux-x86_64-fedora-clang 0.1.4 70.13 OK
r-devel-linux-x86_64-fedora-gcc 0.1.4 60.51 OK
r-devel-windows-x86_64 0.1.4 5.00 68.00 73.00 OK
r-devel-windows-x86_64-gcc10-UCRT 0.1.4 OK
r-patched-linux-x86_64 0.1.4 2.91 42.93 45.84 OK
r-release-linux-x86_64 0.1.4 3.26 43.22 46.48 OK
r-release-macos-arm64 0.1.4 ERROR
r-release-macos-x86_64 0.1.4 OK
r-release-windows-ix86+x86_64 0.1.4 7.00 60.00 67.00 OK
r-oldrel-macos-x86_64 0.1.4 OK
r-oldrel-windows-ix86+x86_64 0.1.4 10.00 59.00 69.00 OK

Check Details

Version: 0.1.4
Check: whether package can be installed
Result: ERROR
    Installation failed.
Flavor: r-release-macos-arm64