CRAN Package Check Results for Package jmvcore

Last updated on 2021-07-01 01:49:16 CEST.

Flavor Version Tinstall Tcheck Ttotal Status Flags
r-devel-linux-x86_64-debian-clang 1.2.23 26.72 40.46 67.18 OK
r-devel-linux-x86_64-debian-gcc 1.2.23 21.82 31.21 53.03 OK
r-devel-linux-x86_64-fedora-clang 1.2.23 92.58 OK
r-devel-linux-x86_64-fedora-gcc 1.2.23 85.38 OK
r-devel-windows-x86_64 1.2.23 33.00 55.00 88.00 OK
r-devel-windows-x86_64-gcc10-UCRT 1.2.23 OK
r-patched-linux-x86_64 1.2.23 22.97 38.61 61.58 OK
r-patched-solaris-x86 1.2.23 107.40 NOTE
r-release-linux-x86_64 1.2.23 24.81 38.56 63.37 OK
r-release-macos-arm64 1.2.23 OK
r-release-macos-x86_64 1.2.23 OK
r-release-windows-ix86+x86_64 1.2.23 27.00 50.00 77.00 OK
r-oldrel-macos-x86_64 1.2.23 OK
r-oldrel-windows-ix86+x86_64 1.2.23 41.00 43.00 84.00 OK

Check Details

Version: 1.2.23
Check: package dependencies
Result: NOTE
    Package suggested but not available for checking: ‘RProtoBuf’
Flavor: r-patched-solaris-x86