Last updated on 2021-07-01 01:49:16 CEST.
Flavor | Version | Tinstall | Tcheck | Ttotal | Status | Flags |
---|---|---|---|---|---|---|
r-devel-linux-x86_64-debian-clang | 1.0.2 | 7.72 | 76.86 | 84.58 | OK | |
r-devel-linux-x86_64-debian-gcc | 1.0.2 | 5.47 | 59.37 | 64.84 | OK | |
r-devel-linux-x86_64-fedora-clang | 1.0.2 | 117.19 | OK | |||
r-devel-linux-x86_64-fedora-gcc | 1.0.2 | 101.85 | OK | |||
r-devel-windows-x86_64 | 1.0.2 | 10.00 | 114.00 | 124.00 | OK | |
r-devel-windows-x86_64-gcc10-UCRT | 1.0.2 | OK | ||||
r-patched-linux-x86_64 | 1.0.2 | 7.23 | 74.41 | 81.64 | OK | |
r-patched-solaris-x86 | 1.0.2 | 154.00 | OK | |||
r-release-linux-x86_64 | 1.0.2 | 6.86 | 74.24 | 81.10 | OK | |
r-release-macos-arm64 | 1.0.2 | NOTE | ||||
r-release-macos-x86_64 | 1.0.2 | OK | ||||
r-release-windows-ix86+x86_64 | 1.0.2 | 18.00 | 156.00 | 174.00 | OK | |
r-oldrel-macos-x86_64 | 1.0.2 | OK | ||||
r-oldrel-windows-ix86+x86_64 | 1.0.2 | 20.00 | 150.00 | 170.00 | OK |
Version: 1.0.2
Check: package dependencies
Result: NOTE
Package suggested but not available for checking: ‘PSCBS’
Flavor: r-release-macos-arm64
Version: 1.0.2
Check: Rd cross-references
Result: NOTE
Package unavailable to check Rd xrefs: ‘PSCBS’
Flavor: r-release-macos-arm64