Last updated on 2021-07-01 01:49:16 CEST.
Flavor | Version | Tinstall | Tcheck | Ttotal | Status | Flags |
---|---|---|---|---|---|---|
r-devel-linux-x86_64-debian-clang | 1.2.0 | 4.94 | 45.63 | 50.57 | OK | |
r-devel-linux-x86_64-debian-gcc | 1.2.0 | 4.07 | 34.91 | 38.98 | OK | |
r-devel-linux-x86_64-fedora-clang | 1.2.0 | 68.32 | NOTE | |||
r-devel-linux-x86_64-fedora-gcc | 1.2.0 | 57.63 | NOTE | |||
r-devel-windows-x86_64 | 1.2.0 | 22.00 | 73.00 | 95.00 | OK | |
r-devel-windows-x86_64-gcc10-UCRT | 1.2.0 | NOTE | ||||
r-patched-linux-x86_64 | 1.2.0 | 3.20 | 43.43 | 46.63 | OK | |
r-patched-solaris-x86 | 1.2.0 | 89.00 | NOTE | |||
r-release-linux-x86_64 | 1.2.0 | 3.61 | 43.48 | 47.09 | OK | |
r-release-macos-arm64 | 1.2.0 | NOTE | ||||
r-release-macos-x86_64 | 1.2.0 | NOTE | ||||
r-release-windows-ix86+x86_64 | 1.2.0 | 36.00 | 68.00 | 104.00 | OK | |
r-oldrel-macos-x86_64 | 1.2.0 | NOTE | ||||
r-oldrel-windows-ix86+x86_64 | 1.2.0 | 14.00 | 66.00 | 80.00 | OK |
Version: 1.2.0
Check: data for non-ASCII characters
Result: NOTE
Note: found 17 marked UTF-8 strings
Flavors: r-devel-linux-x86_64-fedora-clang, r-devel-linux-x86_64-fedora-gcc, r-devel-windows-x86_64-gcc10-UCRT, r-patched-solaris-x86, r-release-macos-arm64, r-release-macos-x86_64, r-oldrel-macos-x86_64