Last updated on 2021-07-01 01:49:16 CEST.
Flavor | Version | Tinstall | Tcheck | Ttotal | Status | Flags |
---|---|---|---|---|---|---|
r-devel-linux-x86_64-debian-clang | 1.2.1 | 87.30 | 34.25 | 121.55 | OK | |
r-devel-linux-x86_64-debian-gcc | 1.2.1 | 53.41 | 27.02 | 80.43 | OK | |
r-devel-linux-x86_64-fedora-clang | 1.2.1 | 169.51 | NOTE | |||
r-devel-linux-x86_64-fedora-gcc | 1.2.1 | 144.71 | OK | |||
r-devel-windows-x86_64 | 1.2.1 | 69.00 | 64.00 | 133.00 | OK | |
r-devel-windows-x86_64-gcc10-UCRT | 1.2.1 | OK | ||||
r-patched-linux-x86_64 | 1.2.1 | 63.53 | 32.83 | 96.36 | OK | |
r-patched-solaris-x86 | 1.2.1 | 145.00 | OK | |||
r-release-linux-x86_64 | 1.2.1 | 62.91 | 33.09 | 96.00 | OK | |
r-release-macos-arm64 | 1.2.1 | NOTE | ||||
r-release-macos-x86_64 | 1.2.1 | NOTE | ||||
r-release-windows-ix86+x86_64 | 1.2.1 | 141.00 | 81.00 | 222.00 | OK | |
r-oldrel-macos-x86_64 | 1.2.1 | NOTE | ||||
r-oldrel-windows-ix86+x86_64 | 1.2.1 | 176.00 | 87.00 | 263.00 | OK |
Version: 1.2.1
Check: installed package size
Result: NOTE
installed size is 6.1Mb
sub-directories of 1Mb or more:
doc 1.2Mb
libs 4.7Mb
Flavors: r-devel-linux-x86_64-fedora-clang, r-release-macos-arm64, r-release-macos-x86_64, r-oldrel-macos-x86_64