Last updated on 2021-07-01 01:49:16 CEST.
Flavor | Version | Tinstall | Tcheck | Ttotal | Status | Flags |
---|---|---|---|---|---|---|
r-devel-linux-x86_64-debian-clang | 0.2.1 | 2.01 | 22.91 | 24.92 | NOTE | |
r-devel-linux-x86_64-debian-gcc | 0.2.1 | 1.54 | 17.82 | 19.36 | NOTE | |
r-devel-linux-x86_64-fedora-clang | 0.2.1 | 39.15 | NOTE | |||
r-devel-linux-x86_64-fedora-gcc | 0.2.1 | 29.00 | NOTE | |||
r-devel-windows-x86_64 | 0.2.1 | 3.00 | 37.00 | 40.00 | NOTE | |
r-devel-windows-x86_64-gcc10-UCRT | 0.2.1 | NOTE | ||||
r-patched-linux-x86_64 | 0.2.1 | 2.04 | 22.12 | 24.16 | NOTE | |
r-patched-solaris-x86 | 0.2.1 | 45.10 | NOTE | |||
r-release-linux-x86_64 | 0.2.1 | 2.09 | 21.98 | 24.07 | NOTE | |
r-release-macos-arm64 | 0.2.1 | NOTE | ||||
r-release-macos-x86_64 | 0.2.1 | NOTE | ||||
r-release-windows-ix86+x86_64 | 0.2.1 | 3.00 | 34.00 | 37.00 | NOTE | |
r-oldrel-macos-x86_64 | 0.2.1 | NOTE | ||||
r-oldrel-windows-ix86+x86_64 | 0.2.1 | 5.00 | 38.00 | 43.00 | NOTE |
Version: 0.2.1
Check: R code for possible problems
Result: NOTE
qtls: no visible global function definition for 'quantile'
qtls: no visible global function definition for 'pnorm'
Undefined global functions or variables:
pnorm quantile
Consider adding
importFrom("stats", "pnorm", "quantile")
to your NAMESPACE file.
Flavors: r-devel-linux-x86_64-debian-clang, r-devel-linux-x86_64-debian-gcc, r-devel-linux-x86_64-fedora-clang, r-devel-linux-x86_64-fedora-gcc, r-devel-windows-x86_64, r-devel-windows-x86_64-gcc10-UCRT, r-patched-linux-x86_64, r-patched-solaris-x86, r-release-linux-x86_64, r-release-macos-arm64, r-release-macos-x86_64, r-release-windows-ix86+x86_64, r-oldrel-macos-x86_64, r-oldrel-windows-ix86+x86_64