Last updated on 2021-07-01 01:49:16 CEST.
Flavor | Version | Tinstall | Tcheck | Ttotal | Status | Flags |
---|---|---|---|---|---|---|
r-devel-linux-x86_64-debian-clang | 0.1.0.3 | 11.96 | 111.75 | 123.71 | NOTE | |
r-devel-linux-x86_64-debian-gcc | 0.1.0.3 | 10.21 | 83.25 | 93.46 | NOTE | |
r-devel-linux-x86_64-fedora-clang | 0.1.0.3 | 159.76 | NOTE | |||
r-devel-linux-x86_64-fedora-gcc | 0.1.0.3 | 146.41 | NOTE | |||
r-devel-windows-x86_64 | 0.1.0.3 | 25.00 | 134.00 | 159.00 | NOTE | |
r-devel-windows-x86_64-gcc10-UCRT | 0.1.0.3 | NOTE | ||||
r-patched-linux-x86_64 | 0.1.0.3 | 10.94 | 103.66 | 114.60 | NOTE | |
r-patched-solaris-x86 | 0.1.0.3 | 213.20 | NOTE | |||
r-release-linux-x86_64 | 0.1.0.3 | 11.81 | 104.63 | 116.44 | NOTE | |
r-release-macos-arm64 | 0.1.0.3 | NOTE | ||||
r-release-macos-x86_64 | 0.1.0.3 | NOTE | ||||
r-release-windows-ix86+x86_64 | 0.1.0.3 | 30.00 | 125.00 | 155.00 | NOTE | |
r-oldrel-macos-x86_64 | 0.1.0.3 | NOTE | ||||
r-oldrel-windows-ix86+x86_64 | 0.1.0.3 | 28.00 | 115.00 | 143.00 | OK |
Version: 0.1.0.3
Check: LazyData
Result: NOTE
'LazyData' is specified without a 'data' directory
Flavors: r-devel-linux-x86_64-debian-clang, r-devel-linux-x86_64-debian-gcc, r-devel-linux-x86_64-fedora-clang, r-devel-linux-x86_64-fedora-gcc, r-devel-windows-x86_64, r-devel-windows-x86_64-gcc10-UCRT, r-patched-linux-x86_64, r-patched-solaris-x86, r-release-linux-x86_64, r-release-macos-arm64, r-release-macos-x86_64, r-release-windows-ix86+x86_64
Version: 0.1.0.3
Check: dependencies in R code
Result: NOTE
Namespace in Imports field not imported from: ‘keras’
All declared Imports should be used.
Flavors: r-devel-linux-x86_64-fedora-clang, r-devel-linux-x86_64-fedora-gcc, r-devel-windows-x86_64-gcc10-UCRT, r-patched-solaris-x86, r-release-macos-arm64, r-release-macos-x86_64, r-oldrel-macos-x86_64