CRAN Package Check Results for Package knor

Last updated on 2021-07-01 01:49:16 CEST.

Flavor Version Tinstall Tcheck Ttotal Status Flags
r-devel-linux-x86_64-debian-clang 0.0-7 49.42 32.64 82.06 NOTE
r-devel-linux-x86_64-debian-gcc 0.0-7 30.24 24.55 54.79 NOTE
r-devel-linux-x86_64-fedora-clang 0.0-7 128.57 NOTE
r-devel-linux-x86_64-fedora-gcc 0.0-7 96.35 NOTE
r-devel-windows-x86_64 0.0-7 45.00 60.00 105.00 NOTE
r-devel-windows-x86_64-gcc10-UCRT 0.0-7 NOTE
r-patched-linux-x86_64 0.0-7 37.02 30.19 67.21 NOTE
r-patched-solaris-x86 0.0-7 93.50 NOTE
r-release-linux-x86_64 0.0-7 37.42 30.22 67.64 NOTE
r-release-macos-arm64 0.0-7 NOTE
r-release-macos-x86_64 0.0-7 NOTE
r-release-windows-ix86+x86_64 0.0-7 77.00 64.00 141.00 NOTE
r-oldrel-macos-x86_64 0.0-7 NOTE
r-oldrel-windows-ix86+x86_64 0.0-7 105.00 78.00 183.00 NOTE

Additional issues

gcc11

Check Details

Version: 0.0-7
Check: for GNU extensions in Makefiles
Result: NOTE
    GNU make is a SystemRequirements.
Flavors: r-devel-linux-x86_64-debian-clang, r-devel-linux-x86_64-debian-gcc, r-devel-linux-x86_64-fedora-clang, r-devel-linux-x86_64-fedora-gcc, r-devel-windows-x86_64, r-devel-windows-x86_64-gcc10-UCRT, r-patched-linux-x86_64, r-patched-solaris-x86, r-release-linux-x86_64, r-release-macos-arm64, r-release-macos-x86_64, r-release-windows-ix86+x86_64, r-oldrel-macos-x86_64, r-oldrel-windows-ix86+x86_64