CRAN Package Check Results for Package lcc

Last updated on 2021-07-01 01:49:16 CEST.

Flavor Version Tinstall Tcheck Ttotal Status Flags
r-devel-linux-x86_64-debian-clang 1.1.2 8.81 78.00 86.81 OK
r-devel-linux-x86_64-debian-gcc 1.1.2 7.51 57.89 65.40 OK
r-devel-linux-x86_64-fedora-clang 1.1.2 110.32 NOTE
r-devel-linux-x86_64-fedora-gcc 1.1.2 99.33 OK
r-devel-windows-x86_64 1.1.2 12.00 100.00 112.00 OK
r-devel-windows-x86_64-gcc10-UCRT 1.1.2 OK
r-patched-linux-x86_64 1.1.2 9.76 72.44 82.20 OK
r-patched-solaris-x86 1.1.2 131.50 OK
r-release-linux-x86_64 1.1.2 8.58 71.63 80.21 OK
r-release-macos-arm64 1.1.2 OK
r-release-macos-x86_64 1.1.2 OK
r-release-windows-ix86+x86_64 1.1.2 30.00 93.00 123.00 OK
r-oldrel-macos-x86_64 1.1.2 OK
r-oldrel-windows-ix86+x86_64 1.1.2 20.00 79.00 99.00 OK

Check Details

Version: 1.1.2
Check: Rd cross-references
Result: NOTE
    Undeclared package ‘gridExtra’ in Rd xrefs
Flavor: r-devel-linux-x86_64-fedora-clang