Last updated on 2021-07-01 01:49:16 CEST.
Flavor | Version | Tinstall | Tcheck | Ttotal | Status | Flags |
---|---|---|---|---|---|---|
r-devel-linux-x86_64-debian-clang | 1.4.2 | 4.81 | 43.52 | 48.33 | OK | |
r-devel-linux-x86_64-debian-gcc | 1.4.2 | 3.59 | 34.73 | 38.32 | OK | |
r-devel-linux-x86_64-fedora-clang | 1.4.2 | 68.29 | NOTE | |||
r-devel-linux-x86_64-fedora-gcc | 1.4.2 | 56.44 | NOTE | |||
r-devel-windows-x86_64 | 1.4.2 | 6.00 | 66.00 | 72.00 | OK | |
r-devel-windows-x86_64-gcc10-UCRT | 1.4.2 | OK | ||||
r-patched-linux-x86_64 | 1.4.2 | 5.03 | 42.12 | 47.15 | OK | |
r-patched-solaris-x86 | 1.4.2 | 89.60 | OK | |||
r-release-linux-x86_64 | 1.4.2 | 4.38 | 41.92 | 46.30 | OK | |
r-release-macos-arm64 | 1.4.2 | OK | ||||
r-release-macos-x86_64 | 1.4.2 | OK | ||||
r-release-windows-ix86+x86_64 | 1.4.2 | 10.00 | 72.00 | 82.00 | OK | |
r-oldrel-macos-x86_64 | 1.4.2 | OK | ||||
r-oldrel-windows-ix86+x86_64 | 1.4.2 | 12.00 | 64.00 | 76.00 | OK |
Version: 1.4.2
Check: compiled code
Result: NOTE
File ‘lda/libs/lda.so’:
Found no calls to: ‘R_registerRoutines’, ‘R_useDynamicSymbols’
It is good practice to register native routines and to disable symbol
search.
See ‘Writing portable packages’ in the ‘Writing R Extensions’ manual.
Flavors: r-devel-linux-x86_64-fedora-clang, r-devel-linux-x86_64-fedora-gcc