Last updated on 2021-07-01 01:49:16 CEST.
Flavor | Version | Tinstall | Tcheck | Ttotal | Status | Flags |
---|---|---|---|---|---|---|
r-devel-linux-x86_64-debian-clang | 1.8.0 | 16.74 | 232.97 | 249.71 | NOTE | |
r-devel-linux-x86_64-debian-gcc | 1.8.0 | 14.16 | 177.48 | 191.64 | NOTE | |
r-devel-linux-x86_64-fedora-clang | 1.8.0 | 286.84 | NOTE | |||
r-devel-linux-x86_64-fedora-gcc | 1.8.0 | 276.40 | NOTE | |||
r-devel-windows-x86_64 | 1.8.0 | 19.00 | 256.00 | 275.00 | NOTE | |
r-devel-windows-x86_64-gcc10-UCRT | 1.8.0 | NOTE | ||||
r-patched-linux-x86_64 | 1.8.0 | 17.54 | 224.91 | 242.45 | NOTE | |
r-patched-solaris-x86 | 1.8.0 | 444.10 | NOTE | |||
r-release-linux-x86_64 | 1.8.0 | 16.16 | 223.19 | 239.35 | NOTE | |
r-release-macos-arm64 | 1.8.0 | NOTE | ||||
r-release-macos-x86_64 | 1.8.0 | NOTE | ||||
r-release-windows-ix86+x86_64 | 1.8.0 | 57.00 | 251.00 | 308.00 | NOTE | |
r-oldrel-macos-x86_64 | 1.8.0 | OK | ||||
r-oldrel-windows-ix86+x86_64 | 1.8.0 | 35.00 | 227.00 | 262.00 | OK |
Version: 1.8.0
Check: LazyData
Result: NOTE
'LazyData' is specified without a 'data' directory
Flavors: r-devel-linux-x86_64-debian-clang, r-devel-linux-x86_64-debian-gcc, r-devel-linux-x86_64-fedora-clang, r-devel-linux-x86_64-fedora-gcc, r-devel-windows-x86_64, r-devel-windows-x86_64-gcc10-UCRT, r-patched-linux-x86_64, r-patched-solaris-x86, r-release-linux-x86_64, r-release-macos-arm64, r-release-macos-x86_64, r-release-windows-ix86+x86_64
Version: 1.8.0
Check: package dependencies
Result: NOTE
Package suggested but not available for checking: ‘spdep’
Flavor: r-release-macos-arm64