CRAN Package Check Results for Package lefko3

Last updated on 2021-07-01 01:49:16 CEST.

Flavor Version Tinstall Tcheck Ttotal Status Flags
r-devel-linux-x86_64-debian-clang 3.5.0 217.35 229.39 446.74 OK
r-devel-linux-x86_64-debian-gcc 3.5.0 204.00 166.62 370.62 OK
r-devel-linux-x86_64-fedora-clang 3.5.0 449.14 NOTE
r-devel-linux-x86_64-fedora-gcc 3.5.0 634.87 OK
r-devel-windows-x86_64 3.4.0 250.00 254.00 504.00 NOTE
r-devel-windows-x86_64-gcc10-UCRT 3.4.0 OK
r-patched-linux-x86_64 3.4.0 214.62 210.26 424.88 OK
r-patched-solaris-x86 3.5.0 6.10 ERROR
r-release-linux-x86_64 3.4.0 211.08 209.70 420.78 OK
r-release-macos-arm64 3.4.0 NOTE
r-release-macos-x86_64 3.5.0 NOTE
r-release-windows-ix86+x86_64 3.4.0 344.00 345.00 689.00 NOTE
r-oldrel-macos-x86_64 3.5.0 NOTE
r-oldrel-windows-ix86+x86_64 3.5.0 456.00 343.00 799.00 NOTE

Check Details

Version: 3.5.0
Check: installed package size
Result: NOTE
     installed size is 17.9Mb
     sub-directories of 1Mb or more:
     doc 2.0Mb
     libs 15.0Mb
Flavors: r-devel-linux-x86_64-fedora-clang, r-release-macos-x86_64, r-oldrel-macos-x86_64, r-oldrel-windows-ix86+x86_64

Version: 3.4.0
Check: installed package size
Result: NOTE
     installed size is 5.6Mb
     sub-directories of 1Mb or more:
     doc 2.6Mb
     libs 2.2Mb
Flavors: r-devel-windows-x86_64, r-release-macos-arm64, r-release-windows-ix86+x86_64

Version: 3.5.0
Check: package dependencies
Result: ERROR
    Package required but not available: ‘glmmTMB’
    
    See section ‘The DESCRIPTION file’ in the ‘Writing R Extensions’
    manual.
Flavor: r-patched-solaris-x86