Last updated on 2021-07-01 01:49:16 CEST.
Flavor | Version | Tinstall | Tcheck | Ttotal | Status | Flags |
---|---|---|---|---|---|---|
r-devel-linux-x86_64-debian-clang | 0.1.0 | 61.68 | 197.57 | 259.25 | OK | |
r-devel-linux-x86_64-debian-gcc | 0.1.0 | 44.21 | 144.49 | 188.70 | OK | |
r-devel-linux-x86_64-fedora-clang | 0.1.0 | 346.90 | NOTE | |||
r-devel-linux-x86_64-fedora-gcc | 0.1.0 | 312.62 | NOTE | |||
r-devel-windows-x86_64 | 0.1.0 | 62.00 | 237.00 | 299.00 | NOTE | |
r-devel-windows-x86_64-gcc10-UCRT | 0.1.0 | NOTE | ||||
r-patched-linux-x86_64 | 0.1.0 | 55.44 | 184.77 | 240.21 | OK | |
r-patched-solaris-x86 | 0.1.0 | 373.30 | NOTE | |||
r-release-linux-x86_64 | 0.1.0 | 52.35 | 183.89 | 236.24 | OK | |
r-release-macos-arm64 | 0.1.0 | NOTE | ||||
r-release-macos-x86_64 | 0.1.0 | NOTE | ||||
r-release-windows-ix86+x86_64 | 0.1.0 | 143.00 | 260.00 | 403.00 | NOTE | |
r-oldrel-macos-x86_64 | 0.1.0 | NOTE | ||||
r-oldrel-windows-ix86+x86_64 | 0.1.0 | 141.00 | 243.00 | 384.00 | NOTE |
Version: 0.1.0
Check: dependencies in R code
Result: NOTE
Namespaces in Imports field not imported from:
‘pracma’ ‘statmod’
All declared Imports should be used.
Flavors: r-devel-linux-x86_64-fedora-clang, r-devel-linux-x86_64-fedora-gcc, r-devel-windows-x86_64-gcc10-UCRT, r-patched-solaris-x86, r-release-macos-arm64, r-release-macos-x86_64, r-oldrel-macos-x86_64
Version: 0.1.0
Check: package dependencies
Result: NOTE
Package suggested but not available for checking: 'doMC'
Flavors: r-devel-windows-x86_64, r-devel-windows-x86_64-gcc10-UCRT, r-release-windows-ix86+x86_64, r-oldrel-windows-ix86+x86_64