CRAN Package Check Results for Package lhs

Last updated on 2021-07-01 01:49:16 CEST.

Flavor Version Tinstall Tcheck Ttotal Status Flags
r-devel-linux-x86_64-debian-clang 1.1.1 197.18 65.84 263.02 NOTE
r-devel-linux-x86_64-debian-gcc 1.1.1 112.93 50.83 163.76 NOTE
r-devel-linux-x86_64-fedora-clang 1.1.1 403.23 NOTE
r-devel-linux-x86_64-fedora-gcc 1.1.1 311.71 NOTE
r-devel-windows-x86_64 1.1.1 184.00 97.00 281.00 NOTE
r-devel-windows-x86_64-gcc10-UCRT 1.1.1 NOTE
r-patched-linux-x86_64 1.1.1 135.24 60.95 196.19 NOTE
r-patched-solaris-x86 1.1.1 297.50 NOTE
r-release-linux-x86_64 1.1.1 139.43 61.20 200.63 NOTE
r-release-macos-arm64 1.1.1 NOTE
r-release-macos-x86_64 1.1.1 NOTE
r-release-windows-ix86+x86_64 1.1.1 327.00 123.00 450.00 NOTE
r-oldrel-macos-x86_64 1.1.1 OK
r-oldrel-windows-ix86+x86_64 1.1.1 421.00 142.00 563.00 OK

Check Details

Version: 1.1.1
Check: LazyData
Result: NOTE
     'LazyData' is specified without a 'data' directory
Flavors: r-devel-linux-x86_64-debian-clang, r-devel-linux-x86_64-debian-gcc, r-devel-linux-x86_64-fedora-clang, r-devel-linux-x86_64-fedora-gcc, r-devel-windows-x86_64, r-devel-windows-x86_64-gcc10-UCRT, r-patched-linux-x86_64, r-patched-solaris-x86, r-release-linux-x86_64, r-release-macos-arm64, r-release-macos-x86_64, r-release-windows-ix86+x86_64