Last updated on 2021-07-01 01:49:16 CEST.
Flavor | Version | Tinstall | Tcheck | Ttotal | Status | Flags |
---|---|---|---|---|---|---|
r-devel-linux-x86_64-debian-clang | 1.5.0 | 4.78 | 76.97 | 81.75 | OK | |
r-devel-linux-x86_64-debian-gcc | 1.5.0 | 3.25 | 59.58 | 62.83 | OK | |
r-devel-linux-x86_64-fedora-clang | 1.5.0 | 109.98 | NOTE | |||
r-devel-linux-x86_64-fedora-gcc | 1.5.0 | 97.89 | OK | |||
r-devel-windows-x86_64 | 1.5.0 | 6.00 | 102.00 | 108.00 | OK | |
r-devel-windows-x86_64-gcc10-UCRT | 1.5.0 | OK | ||||
r-patched-linux-x86_64 | 1.5.0 | 4.98 | 77.29 | 82.27 | OK | |
r-patched-solaris-x86 | 1.5.0 | 143.40 | OK | |||
r-release-linux-x86_64 | 1.5.0 | 4.32 | 76.80 | 81.12 | OK | |
r-release-macos-arm64 | 1.5.0 | OK | ||||
r-release-macos-x86_64 | 1.5.0 | OK | ||||
r-release-windows-ix86+x86_64 | 1.5.0 | 21.00 | 95.00 | 116.00 | OK | |
r-oldrel-macos-x86_64 | 1.5.0 | OK | ||||
r-oldrel-windows-ix86+x86_64 | 1.5.0 | 9.00 | 107.00 | 116.00 | OK |
Version: 1.5.0
Check: Rd cross-references
Result: NOTE
Undeclared package ‘future’ in Rd xrefs
Flavor: r-devel-linux-x86_64-fedora-clang