Last updated on 2021-07-01 01:49:16 CEST.
Flavor | Version | Tinstall | Tcheck | Ttotal | Status | Flags |
---|---|---|---|---|---|---|
r-devel-linux-x86_64-debian-clang | 0.1.2 | 3.32 | 35.17 | 38.49 | OK | |
r-devel-linux-x86_64-debian-gcc | 0.1.2 | 2.41 | 27.50 | 29.91 | OK | |
r-devel-linux-x86_64-fedora-clang | 0.1.2 | 55.05 | NOTE | |||
r-devel-linux-x86_64-fedora-gcc | 0.1.2 | 44.73 | NOTE | |||
r-devel-windows-x86_64 | 0.1.2 | 4.00 | 53.00 | 57.00 | OK | |
r-devel-windows-x86_64-gcc10-UCRT | 0.1.2 | NOTE | ||||
r-patched-linux-x86_64 | 0.1.2 | 3.20 | 33.71 | 36.91 | OK | |
r-patched-solaris-x86 | 0.1.2 | 68.30 | NOTE | |||
r-release-linux-x86_64 | 0.1.2 | 3.10 | 33.21 | 36.31 | OK | |
r-release-macos-arm64 | 0.1.2 | NOTE | ||||
r-release-macos-x86_64 | 0.1.2 | NOTE | ||||
r-release-windows-ix86+x86_64 | 0.1.2 | 15.00 | 48.00 | 63.00 | OK | |
r-oldrel-macos-x86_64 | 0.1.2 | NOTE | ||||
r-oldrel-windows-ix86+x86_64 | 0.1.2 | 7.00 | 48.00 | 55.00 | OK |
Version: 0.1.2
Check: data for non-ASCII characters
Result: NOTE
Note: found 32 marked UTF-8 strings
Flavors: r-devel-linux-x86_64-fedora-clang, r-devel-linux-x86_64-fedora-gcc, r-devel-windows-x86_64-gcc10-UCRT, r-patched-solaris-x86, r-release-macos-arm64, r-release-macos-x86_64, r-oldrel-macos-x86_64