Last updated on 2021-07-01 01:49:16 CEST.
Flavor | Version | Tinstall | Tcheck | Ttotal | Status | Flags |
---|---|---|---|---|---|---|
r-devel-linux-x86_64-debian-clang | 0.1.4 | 2.67 | 23.32 | 25.99 | NOTE | |
r-devel-linux-x86_64-debian-gcc | 0.1.4 | 1.89 | 18.08 | 19.97 | NOTE | |
r-devel-linux-x86_64-fedora-clang | 0.1.4 | 39.82 | NOTE | |||
r-devel-linux-x86_64-fedora-gcc | 0.1.4 | 29.84 | NOTE | |||
r-devel-windows-x86_64 | 0.1.4 | 4.00 | 34.00 | 38.00 | NOTE | |
r-devel-windows-x86_64-gcc10-UCRT | 0.1.4 | NOTE | ||||
r-patched-linux-x86_64 | 0.1.4 | 2.76 | 22.12 | 24.88 | NOTE | |
r-patched-solaris-x86 | 0.1.4 | 44.80 | NOTE | |||
r-release-linux-x86_64 | 0.1.4 | 2.16 | 22.59 | 24.75 | NOTE | |
r-release-macos-arm64 | 0.1.4 | NOTE | ||||
r-release-macos-x86_64 | 0.1.4 | NOTE | ||||
r-release-windows-ix86+x86_64 | 0.1.4 | 4.00 | 27.00 | 31.00 | NOTE | |
r-oldrel-macos-x86_64 | 0.1.4 | NOTE | ||||
r-oldrel-windows-ix86+x86_64 | 0.1.4 | 4.00 | 27.00 | 31.00 | NOTE |
Version: 0.1.4
Check: R code for possible problems
Result: NOTE
getMatrix : <anonymous>: no visible global function definition for
'read.table'
Undefined global functions or variables:
read.table
Consider adding
importFrom("utils", "read.table")
to your NAMESPACE file.
Flavors: r-devel-linux-x86_64-debian-clang, r-devel-linux-x86_64-debian-gcc, r-devel-linux-x86_64-fedora-clang, r-devel-linux-x86_64-fedora-gcc, r-devel-windows-x86_64, r-devel-windows-x86_64-gcc10-UCRT, r-patched-linux-x86_64, r-patched-solaris-x86, r-release-linux-x86_64, r-release-macos-arm64, r-release-macos-x86_64, r-release-windows-ix86+x86_64, r-oldrel-macos-x86_64, r-oldrel-windows-ix86+x86_64