Last updated on 2021-07-01 01:49:17 CEST.
Flavor | Version | Tinstall | Tcheck | Ttotal | Status | Flags |
---|---|---|---|---|---|---|
r-devel-linux-x86_64-debian-clang | 0.2.0 | 3.26 | 52.46 | 55.72 | OK | |
r-devel-linux-x86_64-debian-gcc | 0.2.0 | 2.50 | 40.31 | 42.81 | OK | |
r-devel-linux-x86_64-fedora-clang | 0.2.0 | 74.99 | OK | |||
r-devel-linux-x86_64-fedora-gcc | 0.2.0 | 67.76 | OK | |||
r-devel-windows-x86_64 | 0.2.0 | 6.00 | 83.00 | 89.00 | NOTE | |
r-devel-windows-x86_64-gcc10-UCRT | 0.2.0 | NOTE | ||||
r-patched-linux-x86_64 | 0.2.0 | 4.05 | 49.53 | 53.58 | OK | |
r-patched-solaris-x86 | 0.2.0 | 91.70 | OK | |||
r-release-linux-x86_64 | 0.2.0 | 3.26 | 49.37 | 52.63 | OK | |
r-release-macos-arm64 | 0.2.0 | OK | ||||
r-release-macos-x86_64 | 0.2.0 | OK | ||||
r-release-windows-ix86+x86_64 | 0.2.0 | 6.00 | 74.00 | 80.00 | NOTE | |
r-oldrel-macos-x86_64 | 0.2.0 | OK | ||||
r-oldrel-windows-ix86+x86_64 | 0.2.0 | 8.00 | 68.00 | 76.00 | NOTE |
Version: 0.2.0
Check: package dependencies
Result: NOTE
Package suggested but not available for checking: 'rsyslog'
Flavors: r-devel-windows-x86_64, r-devel-windows-x86_64-gcc10-UCRT, r-release-windows-ix86+x86_64, r-oldrel-windows-ix86+x86_64
Version: 0.2.0
Check: Rd cross-references
Result: NOTE
Package unavailable to check Rd xrefs: 'rsyslog'
Flavors: r-devel-windows-x86_64, r-devel-windows-x86_64-gcc10-UCRT, r-release-windows-ix86+x86_64, r-oldrel-windows-ix86+x86_64