CRAN Package Check Results for Package logitnorm

Last updated on 2021-07-01 01:49:17 CEST.

Flavor Version Tinstall Tcheck Ttotal Status Flags
r-devel-linux-x86_64-debian-clang 0.8.38 2.37 30.03 32.40 NOTE
r-devel-linux-x86_64-debian-gcc 0.8.38 1.81 23.32 25.13 NOTE
r-devel-linux-x86_64-fedora-clang 0.8.38 47.15 NOTE
r-devel-linux-x86_64-fedora-gcc 0.8.38 37.92 NOTE
r-devel-windows-x86_64 0.8.38 3.00 46.00 49.00 NOTE
r-devel-windows-x86_64-gcc10-UCRT 0.8.38 NOTE
r-patched-linux-x86_64 0.8.38 2.60 28.91 31.51 NOTE
r-patched-solaris-x86 0.8.38 56.60 NOTE
r-release-linux-x86_64 0.8.38 2.24 28.64 30.88 NOTE
r-release-macos-arm64 0.8.38 NOTE
r-release-macos-x86_64 0.8.38 NOTE
r-release-windows-ix86+x86_64 0.8.38 4.00 46.00 50.00 NOTE
r-oldrel-macos-x86_64 0.8.38 OK
r-oldrel-windows-ix86+x86_64 0.8.38 6.00 37.00 43.00 OK

Check Details

Version: 0.8.38
Check: LazyData
Result: NOTE
     'LazyData' is specified without a 'data' directory
Flavors: r-devel-linux-x86_64-debian-clang, r-devel-linux-x86_64-debian-gcc, r-devel-linux-x86_64-fedora-clang, r-devel-linux-x86_64-fedora-gcc, r-devel-windows-x86_64, r-devel-windows-x86_64-gcc10-UCRT, r-patched-linux-x86_64, r-patched-solaris-x86, r-release-linux-x86_64, r-release-macos-arm64, r-release-macos-x86_64, r-release-windows-ix86+x86_64