CRAN Package Check Results for Package lognorm

Last updated on 2021-07-01 01:49:17 CEST.

Flavor Version Tinstall Tcheck Ttotal Status Flags
r-devel-linux-x86_64-debian-clang 0.1.9 8.29 88.92 97.21 NOTE
r-devel-linux-x86_64-debian-gcc 0.1.9 6.32 67.25 73.57 NOTE
r-devel-linux-x86_64-fedora-clang 0.1.9 121.48 NOTE
r-devel-linux-x86_64-fedora-gcc 0.1.9 112.03 NOTE
r-devel-windows-x86_64 0.1.9 9.00 113.00 122.00 NOTE
r-devel-windows-x86_64-gcc10-UCRT 0.1.9 NOTE
r-patched-linux-x86_64 0.1.9 8.71 83.66 92.37 NOTE
r-patched-solaris-x86 0.1.9 160.60 NOTE
r-release-linux-x86_64 0.1.9 5.94 83.09 89.03 NOTE
r-release-macos-arm64 0.1.9 NOTE
r-release-macos-x86_64 0.1.9 NOTE
r-release-windows-ix86+x86_64 0.1.9 12.00 105.00 117.00 NOTE
r-oldrel-macos-x86_64 0.1.9 OK
r-oldrel-windows-ix86+x86_64 0.1.9 17.00 92.00 109.00 OK

Check Details

Version: 0.1.9
Check: LazyData
Result: NOTE
     'LazyData' is specified without a 'data' directory
Flavors: r-devel-linux-x86_64-debian-clang, r-devel-linux-x86_64-debian-gcc, r-devel-linux-x86_64-fedora-clang, r-devel-linux-x86_64-fedora-gcc, r-devel-windows-x86_64, r-devel-windows-x86_64-gcc10-UCRT, r-patched-linux-x86_64, r-patched-solaris-x86, r-release-linux-x86_64, r-release-macos-arm64, r-release-macos-x86_64, r-release-windows-ix86+x86_64