Last updated on 2021-07-01 01:49:17 CEST.
Flavor | Version | Tinstall | Tcheck | Ttotal | Status | Flags |
---|---|---|---|---|---|---|
r-devel-linux-x86_64-debian-clang | 0.1.2 | 35.09 | 28.79 | 63.88 | NOTE | |
r-devel-linux-x86_64-debian-gcc | 0.1.2 | 23.46 | 22.63 | 46.09 | NOTE | |
r-devel-linux-x86_64-fedora-clang | 0.1.2 | 96.22 | NOTE | |||
r-devel-linux-x86_64-fedora-gcc | 0.1.2 | 81.39 | NOTE | |||
r-devel-windows-x86_64 | 0.1.2 | 32.00 | 55.00 | 87.00 | NOTE | |
r-devel-windows-x86_64-gcc10-UCRT | 0.1.2 | NOTE | ||||
r-patched-linux-x86_64 | 0.1.2 | 29.95 | 27.71 | 57.66 | NOTE | |
r-patched-solaris-x86 | 0.1.2 | 87.20 | NOTE | |||
r-release-linux-x86_64 | 0.1.2 | 28.64 | 27.67 | 56.31 | NOTE | |
r-release-macos-arm64 | 0.1.2 | NOTE | ||||
r-release-macos-x86_64 | 0.1.2 | NOTE | ||||
r-release-windows-ix86+x86_64 | 0.1.2 | 61.00 | 65.00 | 126.00 | NOTE | |
r-oldrel-macos-x86_64 | 0.1.2 | OK | ||||
r-oldrel-windows-ix86+x86_64 | 0.1.2 | 78.00 | 72.00 | 150.00 | OK |
Version: 0.1.2
Check: LazyData
Result: NOTE
'LazyData' is specified without a 'data' directory
Flavors: r-devel-linux-x86_64-debian-clang, r-devel-linux-x86_64-debian-gcc, r-devel-linux-x86_64-fedora-clang, r-devel-linux-x86_64-fedora-gcc, r-devel-windows-x86_64, r-devel-windows-x86_64-gcc10-UCRT, r-patched-linux-x86_64, r-patched-solaris-x86, r-release-linux-x86_64, r-release-macos-arm64, r-release-macos-x86_64, r-release-windows-ix86+x86_64
Version: 0.1.2
Check: compiled code
Result: NOTE
File ‘lowmemtkmeans/libs/lowmemtkmeans.so’:
Found no calls to: ‘R_registerRoutines’, ‘R_useDynamicSymbols’
It is good practice to register native routines and to disable symbol
search.
See ‘Writing portable packages’ in the ‘Writing R Extensions’ manual.
Flavors: r-devel-linux-x86_64-fedora-clang, r-devel-linux-x86_64-fedora-gcc