CRAN Package Check Results for Package lpmodeler

Last updated on 2021-07-01 01:49:17 CEST.

Flavor Version Tinstall Tcheck Ttotal Status Flags
r-devel-linux-x86_64-debian-clang 0.2-1 2.05 22.64 24.69 NOTE
r-devel-linux-x86_64-debian-gcc 0.2-1 1.55 17.81 19.36 NOTE
r-devel-linux-x86_64-fedora-clang 0.2-1 39.32 NOTE
r-devel-linux-x86_64-fedora-gcc 0.2-1 29.03 NOTE
r-devel-windows-x86_64 0.2-1 3.00 36.00 39.00 NOTE
r-devel-windows-x86_64-gcc10-UCRT 0.2-1 NOTE
r-patched-linux-x86_64 0.2-1 1.99 21.83 23.82 NOTE
r-patched-solaris-x86 0.2-1 46.80 NOTE
r-release-linux-x86_64 0.2-1 1.91 21.87 23.78 NOTE
r-release-macos-arm64 0.2-1 NOTE
r-release-macos-x86_64 0.2-1 NOTE
r-release-windows-ix86+x86_64 0.2-1 4.00 31.00 35.00 NOTE
r-oldrel-macos-x86_64 0.2-1 NOTE
r-oldrel-windows-ix86+x86_64 0.2-1 4.00 40.00 44.00 NOTE

Check Details

Version: 0.2-1
Check: dependencies in R code
Result: NOTE
    'library' or 'require' call to 'Rsymphony' in package code.
     Please use :: or requireNamespace() instead.
     See section 'Suggested packages' in the 'Writing R Extensions' manual.
Flavors: r-devel-linux-x86_64-debian-clang, r-devel-linux-x86_64-debian-gcc, r-devel-linux-x86_64-fedora-clang, r-devel-linux-x86_64-fedora-gcc, r-devel-windows-x86_64, r-devel-windows-x86_64-gcc10-UCRT, r-patched-linux-x86_64, r-patched-solaris-x86, r-release-linux-x86_64, r-release-macos-arm64, r-release-macos-x86_64, r-release-windows-ix86+x86_64, r-oldrel-macos-x86_64, r-oldrel-windows-ix86+x86_64

Version: 0.2-1
Check: R code for possible problems
Result: NOTE
    mipSolve.Rsymphony: no visible global function definition for
     'Rsymphony_solve_LP'
    Undefined global functions or variables:
     Rsymphony_solve_LP
Flavors: r-devel-linux-x86_64-debian-clang, r-devel-linux-x86_64-debian-gcc, r-devel-linux-x86_64-fedora-clang, r-devel-linux-x86_64-fedora-gcc, r-devel-windows-x86_64, r-devel-windows-x86_64-gcc10-UCRT, r-patched-linux-x86_64, r-patched-solaris-x86, r-release-linux-x86_64, r-release-macos-arm64, r-release-macos-x86_64, r-release-windows-ix86+x86_64, r-oldrel-macos-x86_64, r-oldrel-windows-ix86+x86_64

Version: 0.2-1
Check: package dependencies
Result: NOTE
    Package suggested but not available for checking: ‘Rsymphony’
Flavors: r-patched-solaris-x86, r-release-macos-arm64, r-oldrel-macos-x86_64