CRAN Package Check Results for Package magick

Last updated on 2021-07-01 01:49:17 CEST.

Flavor Version Tinstall Tcheck Ttotal Status Flags
r-devel-linux-x86_64-debian-clang 2.7.2 157.92 236.58 394.50 OK
r-devel-linux-x86_64-debian-gcc 2.7.2 97.06 160.78 257.84 OK
r-devel-linux-x86_64-fedora-clang 2.7.2 533.09 NOTE
r-devel-linux-x86_64-fedora-gcc 2.7.2 437.16 OK
r-devel-windows-x86_64 2.7.2 171.00 279.00 450.00 NOTE
r-devel-windows-x86_64-gcc10-UCRT 2.7.2 OK
r-patched-linux-x86_64 2.7.2 123.60 197.22 320.82 OK
r-patched-solaris-x86 2.7.2 270.20 WARN
r-release-linux-x86_64 2.7.2 124.89 192.98 317.87 OK
r-release-macos-arm64 2.7.2 ERROR
r-release-macos-x86_64 2.7.2 NOTE
r-release-windows-ix86+x86_64 2.7.2 293.00 442.00 735.00 NOTE
r-oldrel-macos-x86_64 2.7.2 NOTE
r-oldrel-windows-ix86+x86_64 2.7.2 388.00 408.00 796.00 NOTE

Check Details

Version: 2.7.2
Check: installed package size
Result: NOTE
     installed size is 13.3Mb
     sub-directories of 1Mb or more:
     doc 6.6Mb
     libs 6.3Mb
Flavors: r-devel-linux-x86_64-fedora-clang, r-devel-windows-x86_64, r-patched-solaris-x86, r-release-macos-arm64, r-release-macos-x86_64, r-release-windows-ix86+x86_64, r-oldrel-macos-x86_64, r-oldrel-windows-ix86+x86_64

Version: 2.7.2
Check: package dependencies
Result: NOTE
    Packages suggested but not available for checking:
     'av', 'rsvg', 'tesseract', 'gifski'
Flavor: r-patched-solaris-x86

Version: 2.7.2
Check: re-building of vignette outputs
Result: WARN
    Error(s) in re-building vignettes:
     ...
    --- re-building ‘intro.Rmd’ using rmarkdown
    Warning in engine$weave(file, quiet = quiet, encoding = enc) :
     Pandoc (>= 1.12.3) not available. Falling back to R Markdown v1.
    Quitting from lines 227-236 (intro.Rmd)
    Error: processing vignette 'intro.Rmd' failed with diagnostics:
    R: non-conforming drawing primitive definition `text' @ error/draw.c/RenderMVGContent/4372
    --- failed re-building ‘intro.Rmd’
    
    SUMMARY: processing the following file failed:
     ‘intro.Rmd’
    
    Error: Vignette re-building failed.
    Execution halted
Flavor: r-patched-solaris-x86

Version: 2.7.2
Check: examples
Result: ERROR
    Running examples in ‘magick-Ex.R’ failed
    The error most likely occurred in:
    
    > ### Name: autoviewer
    > ### Title: RStudio Graphics AutoViewer
    > ### Aliases: autoviewer autoviewer_enable autoviewer_disable
    >
    > ### ** Examples
    >
    > # Only has effect in RStudio (or other GUI with a viewer):
    > autoviewer_enable()
    >
    > img <- magick::image_graph()
    > plot(1)
    Error in graphics::mtext(sprintf("help(\"%s\")", nameEx()), side = 4, :
     R: UnableToReadFont `helvetica' @ error/annotate.c/RenderFreetype/1396
    Error in axis(side = side, at = at, labels = labels, ...) :
     R: UnableToReadFont `helvetica' @ error/annotate.c/RenderFreetype/1396
    Calls: plot ... plot.default -> localAxis -> Axis -> Axis.default -> axis
    Execution halted
Flavor: r-release-macos-arm64

Version: 2.7.2
Check: re-building of vignette outputs
Result: WARN
    Error(s) in re-building vignettes:
     ...
    --- re-building ‘intro.Rmd’ using rmarkdown
    Warning in engine$weave(file, quiet = quiet, encoding = enc) :
     Pandoc (>= 1.12.3) not available. Falling back to R Markdown v1.
    Linking to librsvg 2.50.3
    Fontconfig error: Cannot load default config file
    Quitting from lines 227-236 (intro.Rmd)
    Error: processing vignette 'intro.Rmd' failed with diagnostics:
    R: NonconformingDrawingPrimitiveDefinition `text' @ error/draw.c/RenderMVGContent/4405
    --- failed re-building ‘intro.Rmd’
    
    SUMMARY: processing the following file failed:
     ‘intro.Rmd’
    
    Error: Vignette re-building failed.
    Execution halted
Flavor: r-release-macos-arm64