Last updated on 2021-07-01 01:49:17 CEST.
Flavor | Version | Tinstall | Tcheck | Ttotal | Status | Flags |
---|---|---|---|---|---|---|
r-devel-linux-x86_64-debian-clang | 0.2.1 | 6.77 | 62.28 | 69.05 | OK | |
r-devel-linux-x86_64-debian-gcc | 0.2.1 | 4.60 | 46.73 | 51.33 | OK | |
r-devel-linux-x86_64-fedora-clang | 0.2.1 | 90.84 | NOTE | |||
r-devel-linux-x86_64-fedora-gcc | 0.2.1 | 79.60 | NOTE | |||
r-devel-windows-x86_64 | 0.2.1 | 30.00 | 91.00 | 121.00 | OK | |
r-devel-windows-x86_64-gcc10-UCRT | 0.2.1 | NOTE | ||||
r-patched-linux-x86_64 | 0.2.1 | 6.48 | 58.85 | 65.33 | OK | |
r-patched-solaris-x86 | 0.2.1 | 117.10 | NOTE | |||
r-release-linux-x86_64 | 0.2.1 | 6.31 | 58.71 | 65.02 | OK | |
r-release-macos-arm64 | 0.2.1 | NOTE | ||||
r-release-macos-x86_64 | 0.2.1 | NOTE | ||||
r-release-windows-ix86+x86_64 | 0.2.1 | 37.00 | 86.00 | 123.00 | OK | |
r-oldrel-macos-x86_64 | 0.2.1 | NOTE | ||||
r-oldrel-windows-ix86+x86_64 | 0.2.1 | 16.00 | 81.00 | 97.00 | OK |
Version: 0.2.1
Check: dependencies in R code
Result: NOTE
Namespaces in Imports field not imported from:
‘dplyr’ ‘googlesheets4’ ‘lifecycle’ ‘withr’
All declared Imports should be used.
Flavors: r-devel-linux-x86_64-fedora-clang, r-devel-linux-x86_64-fedora-gcc, r-devel-windows-x86_64-gcc10-UCRT, r-patched-solaris-x86, r-release-macos-arm64, r-release-macos-x86_64, r-oldrel-macos-x86_64