Last updated on 2021-07-01 01:49:17 CEST.
Flavor | Version | Tinstall | Tcheck | Ttotal | Status | Flags |
---|---|---|---|---|---|---|
r-devel-linux-x86_64-debian-clang | 0.3.4 | 317.09 | 56.46 | 373.55 | OK | |
r-devel-linux-x86_64-debian-gcc | 0.3.4 | 263.90 | 43.58 | 307.48 | OK | |
r-devel-linux-x86_64-fedora-clang | 0.3.4 | 501.81 | NOTE | |||
r-devel-linux-x86_64-fedora-gcc | 0.3.4 | 556.01 | OK | |||
r-devel-windows-x86_64 | 0.3.4 | 264.00 | 96.00 | 360.00 | NOTE | |
r-devel-windows-x86_64-gcc10-UCRT | 0.3.4 | OK | ||||
r-patched-linux-x86_64 | 0.3.4 | 296.65 | 53.82 | 350.47 | OK | |
r-patched-solaris-x86 | 0.3.4 | 416.50 | NOTE | |||
r-release-linux-x86_64 | 0.3.4 | 301.96 | 54.04 | 356.00 | OK | |
r-release-macos-arm64 | 0.3.4 | NOTE | ||||
r-release-macos-x86_64 | 0.3.4 | NOTE | ||||
r-release-windows-ix86+x86_64 | 0.3.4 | 569.00 | 116.00 | 685.00 | NOTE | |
r-oldrel-macos-x86_64 | 0.3.4 | NOTE | ||||
r-oldrel-windows-ix86+x86_64 | 0.3.4 | 669.00 | 110.00 | 779.00 | NOTE |
Version: 0.3.4
Check: installed package size
Result: NOTE
installed size is 33.1Mb
sub-directories of 1Mb or more:
data 1.3Mb
doc 1.6Mb
htmlwidgets 2.3Mb
libs 27.5Mb
Flavors: r-devel-linux-x86_64-fedora-clang, r-devel-windows-x86_64, r-patched-solaris-x86, r-release-macos-arm64, r-release-macos-x86_64, r-release-windows-ix86+x86_64, r-oldrel-macos-x86_64, r-oldrel-windows-ix86+x86_64